{"version":"1.0","provider_name":"AG","provider_url":"http:\/\/arquitecturadegalicia.eu\/blog","author_name":"Iago Valverde","author_url":"http:\/\/arquitecturadegalicia.eu\/blog\/author\/iago-valverde\/","title":"Abrir Vigo ao mar | AG","type":"rich","width":600,"height":338,"html":"<blockquote class=\"wp-embedded-content\" data-secret=\"NjG90W2gud\"><a href=\"http:\/\/arquitecturadegalicia.eu\/blog\/abrir-vigo-ao-mar\/\">Abrir Vigo ao mar<\/a><\/blockquote><iframe sandbox=\"allow-scripts\" security=\"restricted\" src=\"http:\/\/arquitecturadegalicia.eu\/blog\/abrir-vigo-ao-mar\/embed\/#?secret=NjG90W2gud\" width=\"600\" height=\"338\" title=\"\u00abAbrir Vigo ao mar\u00bb \u2014 AG\" data-secret=\"NjG90W2gud\" frameborder=\"0\" marginwidth=\"0\" marginheight=\"0\" scrolling=\"no\" class=\"wp-embedded-content\"><\/iframe><script type=\"text\/javascript\">\n\/* <![CDATA[ *\/\n\/*! This file is auto-generated *\/\n!function(d,l){\"use strict\";l.querySelector&&d.addEventListener&&\"undefined\"!=typeof URL&&(d.wp=d.wp||{},d.wp.receiveEmbedMessage||(d.wp.receiveEmbedMessage=function(e){var t=e.data;if((t||t.secret||t.message||t.value)&&!\/[^a-zA-Z0-9]\/.test(t.secret)){for(var s,r,n,a=l.querySelectorAll('iframe[data-secret=\"'+t.secret+'\"]'),o=l.querySelectorAll('blockquote[data-secret=\"'+t.secret+'\"]'),c=new RegExp(\"^https?:$\",\"i\"),i=0;i<o.length;i++)o[i].style.display=\"none\";for(i=0;i<a.length;i++)s=a[i],e.source===s.contentWindow&&(s.removeAttribute(\"style\"),\"height\"===t.message?(1e3<(r=parseInt(t.value,10))?r=1e3:~~r<200&&(r=200),s.height=r):\"link\"===t.message&&(r=new URL(s.getAttribute(\"src\")),n=new URL(t.value),c.test(n.protocol))&&n.host===r.host&&l.activeElement===s&&(d.top.location.href=t.value))}},d.addEventListener(\"message\",d.wp.receiveEmbedMessage,!1),l.addEventListener(\"DOMContentLoaded\",function(){for(var e,t,s=l.querySelectorAll(\"iframe.wp-embedded-content\"),r=0;r<s.length;r++)(t=(e=s[r]).getAttribute(\"data-secret\"))||(t=Math.random().toString(36).substring(2,12),e.src+=\"#?secret=\"+t,e.setAttribute(\"data-secret\",t)),e.contentWindow.postMessage({message:\"ready\",secret:t},\"*\")},!1)))}(window,document);\n\/* ]]> *\/\n<\/script>\n","thumbnail_url":"https:\/\/arquitecturadegalicia.eu\/blog\/wp-content\/uploads\/2013\/06\/Paseo-Maritimo_1.jpg","thumbnail_width":620,"thumbnail_height":302,"description":"Nuestra intervenci\u00f3n arranca de la Plaza de la Estrella y se extiende hasta la Plaza del Berb\u00e9s, antiguo puerto marinero de la ciudad. La Plaza de la Estrella era un espacio conformado por las traseras de cuatro edificios institucionales. La entrada del t\u00fanel de tr\u00e1fico rodado constituye el borde oriental de la Plaza, siendo el \u00fanico frente no construido."}

Nuestra intervención arranca de la Plaza de la Estrella y se extiende hasta la Plaza del Berbés, antiguo puerto marinero de la ciudad. La Plaza de la Estrella era un espacio conformado por las traseras de cuatro edificios institucionales. La entrada del túnel de tráfico rodado constituye el borde oriental de la Plaza, siendo el único frente no construido.
