{"version":"1.0","provider_name":"AG","provider_url":"https:\/\/arquitecturadegalicia.eu\/blog","author_name":"Iago Valverde","author_url":"https:\/\/arquitecturadegalicia.eu\/blog\/author\/iago-valverde\/","title":"Ampliaci\u00f3n e rehabilitaci\u00f3n do Pazo do Castelo  | AG","type":"rich","width":600,"height":338,"html":"<blockquote class=\"wp-embedded-content\" data-secret=\"iD1nxNJV5O\"><a href=\"https:\/\/arquitecturadegalicia.eu\/blog\/ampliacion-e-rehabilitacion-do-pazo-do-castelo\/\">Ampliaci\u00f3n e rehabilitaci\u00f3n do Pazo do Castelo<\/a><\/blockquote><iframe sandbox=\"allow-scripts\" security=\"restricted\" src=\"https:\/\/arquitecturadegalicia.eu\/blog\/ampliacion-e-rehabilitacion-do-pazo-do-castelo\/embed\/#?secret=iD1nxNJV5O\" width=\"600\" height=\"338\" title=\"\u00abAmpliaci\u00f3n e rehabilitaci\u00f3n do Pazo do Castelo\u00bb \u2014 AG\" data-secret=\"iD1nxNJV5O\" frameborder=\"0\" marginwidth=\"0\" marginheight=\"0\" scrolling=\"no\" class=\"wp-embedded-content\"><\/iframe><script type=\"text\/javascript\">\n\/* <![CDATA[ *\/\n\/*! This file is auto-generated *\/\n!function(d,l){\"use strict\";l.querySelector&&d.addEventListener&&\"undefined\"!=typeof URL&&(d.wp=d.wp||{},d.wp.receiveEmbedMessage||(d.wp.receiveEmbedMessage=function(e){var t=e.data;if((t||t.secret||t.message||t.value)&&!\/[^a-zA-Z0-9]\/.test(t.secret)){for(var s,r,n,a=l.querySelectorAll('iframe[data-secret=\"'+t.secret+'\"]'),o=l.querySelectorAll('blockquote[data-secret=\"'+t.secret+'\"]'),c=new RegExp(\"^https?:$\",\"i\"),i=0;i<o.length;i++)o[i].style.display=\"none\";for(i=0;i<a.length;i++)s=a[i],e.source===s.contentWindow&&(s.removeAttribute(\"style\"),\"height\"===t.message?(1e3<(r=parseInt(t.value,10))?r=1e3:~~r<200&&(r=200),s.height=r):\"link\"===t.message&&(r=new URL(s.getAttribute(\"src\")),n=new URL(t.value),c.test(n.protocol))&&n.host===r.host&&l.activeElement===s&&(d.top.location.href=t.value))}},d.addEventListener(\"message\",d.wp.receiveEmbedMessage,!1),l.addEventListener(\"DOMContentLoaded\",function(){for(var e,t,s=l.querySelectorAll(\"iframe.wp-embedded-content\"),r=0;r<s.length;r++)(t=(e=s[r]).getAttribute(\"data-secret\"))||(t=Math.random().toString(36).substring(2,12),e.src+=\"#?secret=\"+t,e.setAttribute(\"data-secret\",t)),e.contentWindow.postMessage({message:\"ready\",secret:t},\"*\")},!1)))}(window,document);\n\/* ]]> *\/\n<\/script>\n","thumbnail_url":"https:\/\/arquitecturadegalicia.eu\/blog\/wp-content\/uploads\/2013\/08\/vivenda_chain_arquetipos_gondomar.jpg","thumbnail_width":620,"thumbnail_height":305,"description":"'La ruina se \u201ctapa\u201d con un elemento ajeno y extra\u00f1o que se posa sobre ella y que quiere darle las condiciones de luminosidad y ventilaci\u00f3n adecuadas. La ampliaci\u00f3n se disgrega por el lado oeste de la parcela, aportando intimidad al conjunto al limitar las vistas de los vecinos sobre el mismo. Escapando de geometr\u00edas rotundas se deshace en tres pabellones'  Arqu\u00e9tipos!"}

Ampliación e rehabilitación do Pazo do Castelo  | AG

<blockquote class="wp-embedded-content" data-secret="iD1nxNJV5O"><a href="https://arquitecturadegalicia.eu/blog/ampliacion-e-rehabilitacion-do-pazo-do-castelo/">Ampliación e rehabilitación do Pazo do Castelo</a></blockquote><iframe sandbox="allow-scripts" security="restricted" src="https://arquitecturadegalicia.eu/blog/ampliacion-e-rehabilitacion-do-pazo-do-castelo/embed/#?secret=iD1nxNJV5O" width="600" height="338" title="«Ampliación e rehabilitación do Pazo do Castelo» — AG" data-secret="iD1nxNJV5O" frameborder="0" marginwidth="0" marginheight="0" scrolling="no" class="wp-embedded-content"></iframe><script type="text/javascript">
/* <![CDATA[ */
/*! This file is auto-generated */
!function(d,l){"use strict";l.querySelector&&d.addEventListener&&"undefined"!=typeof URL&&(d.wp=d.wp||{},d.wp.receiveEmbedMessage||(d.wp.receiveEmbedMessage=function(e){var t=e.data;if((t||t.secret||t.message||t.value)&&!/[^a-zA-Z0-9]/.test(t.secret)){for(var s,r,n,a=l.querySelectorAll('iframe[data-secret="'+t.secret+'"]'),o=l.querySelectorAll('blockquote[data-secret="'+t.secret+'"]'),c=new RegExp("^https?:$","i"),i=0;i<o.length;i++)o[i].style.display="none";for(i=0;i<a.length;i++)s=a[i],e.source===s.contentWindow&&(s.removeAttribute("style"),"height"===t.message?(1e3<(r=parseInt(t.value,10))?r=1e3:~~r<200&&(r=200),s.height=r):"link"===t.message&&(r=new URL(s.getAttribute("src")),n=new URL(t.value),c.test(n.protocol))&&n.host===r.host&&l.activeElement===s&&(d.top.location.href=t.value))}},d.addEventListener("message",d.wp.receiveEmbedMessage,!1),l.addEventListener("DOMContentLoaded",function(){for(var e,t,s=l.querySelectorAll("iframe.wp-embedded-content"),r=0;r<s.length;r++)(t=(e=s[r]).getAttribute("data-secret"))||(t=Math.random().toString(36).substring(2,12),e.src+="#?secret="+t,e.setAttribute("data-secret",t)),e.contentWindow.postMessage({message:"ready",secret:t},"*")},!1)))}(window,document);
/* ]]> */
</script>

'La ruina se “tapa” con un elemento ajeno y extraño que se posa sobre ella y que quiere darle las condiciones de luminosidad y ventilación adecuadas. La ampliación se disgrega por el lado oeste de la parcela, aportando intimidad al conjunto al limitar las vistas de los vecinos sobre el mismo. Escapando de geometrías rotundas se deshace en tres pabellones'  Arquétipos!
