{"version":"1.0","provider_name":"AG","provider_url":"https:\/\/arquitecturadegalicia.eu\/blog","author_name":"Iago Valverde","author_url":"https:\/\/arquitecturadegalicia.eu\/blog\/author\/iago-valverde\/","title":"Pavill\u00f3n de celebraci\u00f3ns no Pazo de Cea | AG","type":"rich","width":600,"height":338,"html":"<blockquote class=\"wp-embedded-content\" data-secret=\"1qTDQNJoBA\"><a href=\"https:\/\/arquitecturadegalicia.eu\/blog\/pabillon-de-celebracions-no-pazo-de-cea\/\">Pavill\u00f3n de celebraci\u00f3ns no Pazo de Cea<\/a><\/blockquote><iframe sandbox=\"allow-scripts\" security=\"restricted\" src=\"https:\/\/arquitecturadegalicia.eu\/blog\/pabillon-de-celebracions-no-pazo-de-cea\/embed\/#?secret=1qTDQNJoBA\" width=\"600\" height=\"338\" title=\"\u00abPavill\u00f3n de celebraci\u00f3ns no Pazo de Cea\u00bb \u2014 AG\" data-secret=\"1qTDQNJoBA\" frameborder=\"0\" marginwidth=\"0\" marginheight=\"0\" scrolling=\"no\" class=\"wp-embedded-content\"><\/iframe><script type=\"text\/javascript\">\n\/* <![CDATA[ *\/\n\/*! This file is auto-generated *\/\n!function(d,l){\"use strict\";l.querySelector&&d.addEventListener&&\"undefined\"!=typeof URL&&(d.wp=d.wp||{},d.wp.receiveEmbedMessage||(d.wp.receiveEmbedMessage=function(e){var t=e.data;if((t||t.secret||t.message||t.value)&&!\/[^a-zA-Z0-9]\/.test(t.secret)){for(var s,r,n,a=l.querySelectorAll('iframe[data-secret=\"'+t.secret+'\"]'),o=l.querySelectorAll('blockquote[data-secret=\"'+t.secret+'\"]'),c=new RegExp(\"^https?:$\",\"i\"),i=0;i<o.length;i++)o[i].style.display=\"none\";for(i=0;i<a.length;i++)s=a[i],e.source===s.contentWindow&&(s.removeAttribute(\"style\"),\"height\"===t.message?(1e3<(r=parseInt(t.value,10))?r=1e3:~~r<200&&(r=200),s.height=r):\"link\"===t.message&&(r=new URL(s.getAttribute(\"src\")),n=new URL(t.value),c.test(n.protocol))&&n.host===r.host&&l.activeElement===s&&(d.top.location.href=t.value))}},d.addEventListener(\"message\",d.wp.receiveEmbedMessage,!1),l.addEventListener(\"DOMContentLoaded\",function(){for(var e,t,s=l.querySelectorAll(\"iframe.wp-embedded-content\"),r=0;r<s.length;r++)(t=(e=s[r]).getAttribute(\"data-secret\"))||(t=Math.random().toString(36).substring(2,12),e.src+=\"#?secret=\"+t,e.setAttribute(\"data-secret\",t)),e.contentWindow.postMessage({message:\"ready\",secret:t},\"*\")},!1)))}(window,document);\n\/* ]]> *\/\n<\/script>\n","thumbnail_url":"https:\/\/arquitecturadegalicia.eu\/blog\/wp-content\/uploads\/2013\/09\/v+c_pcea_22_ext07.jpg","thumbnail_width":620,"thumbnail_height":380,"description":"\"El edificio se entiende como la cubrici\u00f3n ligera de una parte de la terraza en la que se sit\u00faa, apoy\u00e1ndose en el socalco y abri\u00e9ndose en todas las direcciones para permitirnos tener una referencia clara de d\u00f3nde estamos. Es una pieza baja y alargada, que se desarrolla en direcci\u00f3n norte-sur, haciendo de base a la araucaria bajo la que se encuentra\" Villac\u00e9 e Cominges"}

Pavillón de celebracións no Pazo de Cea | AG

<blockquote class="wp-embedded-content" data-secret="1qTDQNJoBA"><a href="https://arquitecturadegalicia.eu/blog/pabillon-de-celebracions-no-pazo-de-cea/">Pavillón de celebracións no Pazo de Cea</a></blockquote><iframe sandbox="allow-scripts" security="restricted" src="https://arquitecturadegalicia.eu/blog/pabillon-de-celebracions-no-pazo-de-cea/embed/#?secret=1qTDQNJoBA" width="600" height="338" title="«Pavillón de celebracións no Pazo de Cea» — AG" data-secret="1qTDQNJoBA" frameborder="0" marginwidth="0" marginheight="0" scrolling="no" class="wp-embedded-content"></iframe><script type="text/javascript">
/* <![CDATA[ */
/*! This file is auto-generated */
!function(d,l){"use strict";l.querySelector&&d.addEventListener&&"undefined"!=typeof URL&&(d.wp=d.wp||{},d.wp.receiveEmbedMessage||(d.wp.receiveEmbedMessage=function(e){var t=e.data;if((t||t.secret||t.message||t.value)&&!/[^a-zA-Z0-9]/.test(t.secret)){for(var s,r,n,a=l.querySelectorAll('iframe[data-secret="'+t.secret+'"]'),o=l.querySelectorAll('blockquote[data-secret="'+t.secret+'"]'),c=new RegExp("^https?:$","i"),i=0;i<o.length;i++)o[i].style.display="none";for(i=0;i<a.length;i++)s=a[i],e.source===s.contentWindow&&(s.removeAttribute("style"),"height"===t.message?(1e3<(r=parseInt(t.value,10))?r=1e3:~~r<200&&(r=200),s.height=r):"link"===t.message&&(r=new URL(s.getAttribute("src")),n=new URL(t.value),c.test(n.protocol))&&n.host===r.host&&l.activeElement===s&&(d.top.location.href=t.value))}},d.addEventListener("message",d.wp.receiveEmbedMessage,!1),l.addEventListener("DOMContentLoaded",function(){for(var e,t,s=l.querySelectorAll("iframe.wp-embedded-content"),r=0;r<s.length;r++)(t=(e=s[r]).getAttribute("data-secret"))||(t=Math.random().toString(36).substring(2,12),e.src+="#?secret="+t,e.setAttribute("data-secret",t)),e.contentWindow.postMessage({message:"ready",secret:t},"*")},!1)))}(window,document);
/* ]]> */
</script>

"El edificio se entiende como la cubrición ligera de una parte de la terraza en la que se sitúa, apoyándose en el socalco y abriéndose en todas las direcciones para permitirnos tener una referencia clara de dónde estamos. Es una pieza baja y alargada, que se desarrolla en dirección norte-sur, haciendo de base a la araucaria bajo la que se encuentra" Villacé e Cominges
