{"id":1655,"date":"2013-01-07T22:52:13","date_gmt":"2013-01-07T21:52:13","guid":{"rendered":"http:\/\/arquitecturadegalicia.eu\/blog\/?page_id=1655"},"modified":"2014-11-08T18:31:19","modified_gmt":"2014-11-08T17:31:19","slug":"i-premios-enor","status":"publish","type":"page","link":"https:\/\/arquitecturadegalicia.eu\/blog\/premios\/premios-enor-para-galicia\/i-premios-enor\/","title":{"rendered":"I Premios Enor"},"content":{"rendered":"<ul>\n<li dir=\"ltr\"><strong><a href=\"http:\/\/arquitecturadegalicia.eu\/blog\/?p=12472\">Vivenda\u00a0unifamiliar en Poio<\/a><\/strong> _ \u00a0<a href=\"http:\/\/arquitecturadegalicia.eu\/blog\/?tag=leopoldo-alonso-lamberti\">Leopoldo Alonso-Lamberti<\/a><\/li>\n<li dir=\"ltr\"><strong><a href=\"http:\/\/arquitecturadegalicia.eu\/blog\/?p=162\">Centro de documentaci\u00f3n de Elvi\u00f1a<\/a><\/strong>\u00a0_ <a href=\"http:\/\/arquitecturadegalicia.eu\/blog\/?tag=jose-ramon-garitaonaindia-de-vera\">Jose Ram\u00f3n Garitaonaindia<\/a>\u00a0+\u00a0<a href=\"http:\/\/arquitecturadegalicia.eu\/blog\/?tag=jose-manuel-bermudez-graino\">Jos\u00e9 Manuel Berm\u00fadez Grai\u00f1o<\/a><a href=\"https:\/\/maps.google.com\/maps\/ms?msid=205584753861089304839.0004b3590a9baff01c53d&amp;msa=0&amp;ll=43.334637,-8.406601&amp;spn=0.005478,0.009227&amp;iwloc=0004ce37bfeb1f380792f\"><br \/>\n<\/a><\/li>\n<li dir=\"ltr\"><a href=\"http:\/\/arquitecturadegalicia.eu\/blog\/?p=5615\"><strong>Biblioteca central de Ourense<\/strong><\/a> _ Jes\u00fas Llamazares Castro y Galo Zayas Cavajal (<a href=\"http:\/\/arquitecturadegalicia.eu\/blog\/?tag=acxt-arquitectos\">ACXT<\/a>)<a href=\"https:\/\/maps.google.com\/maps\/ms?msid=205584753861089304839.0004b3590a9baff01c53d&amp;msa=0&amp;ll=42.346238,-7.854613&amp;spn=0.005567,0.009227&amp;iwloc=0004ce28cb2db367cc699\"><br \/>\n<\/a><\/li>\n<li dir=\"ltr\"><a href=\"http:\/\/arquitecturadegalicia.eu\/blog\/?p=5610\"><strong>Viveiro de empresas en Santiago de Compostela<\/strong><\/a> _ <a href=\"http:\/\/arquitecturadegalicia.eu\/blog\/?tag=abaloalonso\">Abalo + Alonso<\/a><\/li>\n<li dir=\"ltr\"><a href=\"http:\/\/arquitecturadegalicia.eu\/blog\/?p=5635\"><strong>Hotel NH Obradoiro<\/strong><\/a>\u00a0_ <a href=\"http:\/\/arquitecturadegalicia.eu\/blog\/?tag=aranguren-y-gallegos\">Aranguren +\u00a0Gallegos<\/a><a href=\"https:\/\/maps.google.com\/maps\/ms?msid=205584753861089304839.0004b3590a9baff01c53d&amp;msa=0&amp;ll=42.889997,-8.543394&amp;spn=0.005518,0.009227\"><br \/>\n<\/a><\/li>\n<li dir=\"ltr\"><a href=\"http:\/\/arquitecturadegalicia.eu\/blog\/?p=10633\"><strong>Laboratorio en Louriz\u00e1n<\/strong><\/a> _ <a href=\"http:\/\/arquitecturadegalicia.eu\/blog\/?tag=jose-manuel-bermudez-graino-lucila-nieto-zas\">Jos\u00e9 Manuel Bermudez Grai\u00f1o\u00a0y Lucila Nieto Zas<\/a><\/li>\n<li dir=\"ltr\"><a href=\"http:\/\/arquitecturadegalicia.eu\/blog\/?p=10764\"><strong>Piscina climatizada na Telleira<\/strong><\/a>\u00a0_ <a href=\"http:\/\/arquitecturadegalicia.eu\/blog\/?tag=arbau\">ARBAU<\/a><a href=\"https:\/\/maps.google.com\/maps\/ms?msid=205584753861089304839.0004b3590a9baff01c53d&amp;msa=0&amp;ll=42.862671,-8.649164&amp;spn=0.00276,0.004613&amp;iwloc=0004ce382479f0682f842\"><br \/>\n<\/a><\/li>\n<li dir=\"ltr\"><a href=\"http:\/\/arquitecturadegalicia.eu\/blog\/?p=11115\"><strong>Vivenda en Toba<\/strong><\/a> _ <a href=\"http:\/\/arquitecturadegalicia.eu\/blog\/?tag=creusecarrasco\">creusecarrasco<\/a><\/li>\n<li dir=\"ltr\"><strong>Reforma centro de sa\u00fade en Ourense<\/strong> _ <a href=\"http:\/\/arquitecturadegalicia.eu\/blog\/?tag=javier-franco-rabunal\">Javier Franco Rabu\u00f1al<\/a>\u00a0e <a href=\"http:\/\/arquitecturadegalicia.eu\/blog\/?tag=vicente-pintos-santiago\">Vicente Pintos Santiago<\/a><\/li>\n<li dir=\"ltr\"><a href=\"http:\/\/arquitecturadegalicia.eu\/blog\/?p=4217\" target=\"_blank\"><strong>Centro de salud en Baiona<\/strong><\/a> _ <a href=\"http:\/\/arquitecturadegalicia.eu\/blog\/?tag=alfonso-penela\">Alfonso Penela<\/a><\/li>\n<\/ul>\n","protected":false},"excerpt":{"rendered":"<p>Vivenda\u00a0unifamiliar en Poio _ \u00a0Leopoldo Alonso-Lamberti Centro de documentaci\u00f3n de Elvi\u00f1a\u00a0_ Jose Ram\u00f3n Garitaonaindia\u00a0+\u00a0Jos\u00e9 Manuel Berm\u00fadez Grai\u00f1o Biblioteca central de Ourense _ Jes\u00fas Llamazares Castro y Galo Zayas Cavajal (ACXT) Viveiro de empresas en Santiago de Compostela _ Abalo + Alonso Hotel NH Obradoiro\u00a0_ Aranguren +\u00a0Gallegos Laboratorio en Louriz\u00e1n _ Jos\u00e9 Manuel Bermudez Grai\u00f1o\u00a0y Lucila<a href=\"https:\/\/arquitecturadegalicia.eu\/blog\/premios\/premios-enor-para-galicia\/i-premios-enor\/\" title=\"Read more\" >&#8230;<\/a><\/p>\n","protected":false},"author":2,"featured_media":0,"parent":354,"menu_order":5,"comment_status":"open","ping_status":"open","template":"","meta":{"jetpack_post_was_ever_published":false,"footnotes":""},"class_list":["post-1655","page","type-page","status-publish","hentry","content-print"],"yoast_head":"<!-- This site is optimized with the Yoast SEO plugin v24.1 - https:\/\/yoast.com\/wordpress\/plugins\/seo\/ -->\n<title>I Premios Enor | AG<\/title>\n<meta name=\"robots\" content=\"index, follow, max-snippet:-1, max-image-preview:large, max-video-preview:-1\" \/>\n<link rel=\"canonical\" href=\"https:\/\/arquitecturadegalicia.eu\/blog\/premios\/premios-enor-para-galicia\/i-premios-enor\/\" \/>\n<meta property=\"og:locale\" content=\"es_ES\" \/>\n<meta property=\"og:type\" content=\"article\" \/>\n<meta property=\"og:title\" content=\"I Premios Enor | AG\" \/>\n<meta property=\"og:description\" content=\"Vivenda\u00a0unifamiliar en Poio _ \u00a0Leopoldo Alonso-Lamberti Centro de documentaci\u00f3n de Elvi\u00f1a\u00a0_ Jose Ram\u00f3n Garitaonaindia\u00a0+\u00a0Jos\u00e9 Manuel Berm\u00fadez Grai\u00f1o Biblioteca central de Ourense _ Jes\u00fas Llamazares Castro y Galo Zayas Cavajal (ACXT) Viveiro de empresas en Santiago de Compostela _ Abalo + Alonso Hotel NH Obradoiro\u00a0_ Aranguren +\u00a0Gallegos Laboratorio en Louriz\u00e1n _ Jos\u00e9 Manuel Bermudez Grai\u00f1o\u00a0y Lucila...\" \/>\n<meta property=\"og:url\" content=\"https:\/\/arquitecturadegalicia.eu\/blog\/premios\/premios-enor-para-galicia\/i-premios-enor\/\" \/>\n<meta property=\"og:site_name\" content=\"AG\" \/>\n<meta property=\"article:publisher\" content=\"https:\/\/www.facebook.com\/ArquitecturadeGalicia\/\" \/>\n<meta property=\"article:modified_time\" content=\"2014-11-08T17:31:19+00:00\" \/>\n<meta name=\"twitter:card\" content=\"summary_large_image\" \/>\n<meta name=\"twitter:site\" content=\"@arquigaliciaeu\" \/>\n<script type=\"application\/ld+json\" class=\"yoast-schema-graph\">{\"@context\":\"https:\/\/schema.org\",\"@graph\":[{\"@type\":\"WebPage\",\"@id\":\"https:\/\/arquitecturadegalicia.eu\/blog\/premios\/premios-enor-para-galicia\/i-premios-enor\/\",\"url\":\"https:\/\/arquitecturadegalicia.eu\/blog\/premios\/premios-enor-para-galicia\/i-premios-enor\/\",\"name\":\"I Premios Enor | AG\",\"isPartOf\":{\"@id\":\"http:\/\/arquitecturadegalicia.eu\/blog\/#website\"},\"datePublished\":\"2013-01-07T21:52:13+00:00\",\"dateModified\":\"2014-11-08T17:31:19+00:00\",\"breadcrumb\":{\"@id\":\"https:\/\/arquitecturadegalicia.eu\/blog\/premios\/premios-enor-para-galicia\/i-premios-enor\/#breadcrumb\"},\"inLanguage\":\"es\",\"potentialAction\":[{\"@type\":\"ReadAction\",\"target\":[\"https:\/\/arquitecturadegalicia.eu\/blog\/premios\/premios-enor-para-galicia\/i-premios-enor\/\"]}]},{\"@type\":\"BreadcrumbList\",\"@id\":\"https:\/\/arquitecturadegalicia.eu\/blog\/premios\/premios-enor-para-galicia\/i-premios-enor\/#breadcrumb\",\"itemListElement\":[{\"@type\":\"ListItem\",\"position\":1,\"name\":\"Portada\",\"item\":\"http:\/\/arquitecturadegalicia.eu\/blog\/\"},{\"@type\":\"ListItem\",\"position\":2,\"name\":\"Premios\",\"item\":\"http:\/\/arquitecturadegalicia.eu\/blog\/premios\/\"},{\"@type\":\"ListItem\",\"position\":3,\"name\":\"Premios ENOR para Galicia\",\"item\":\"http:\/\/arquitecturadegalicia.eu\/blog\/premios\/premios-enor-para-galicia\/\"},{\"@type\":\"ListItem\",\"position\":4,\"name\":\"I Premios Enor\"}]},{\"@type\":\"WebSite\",\"@id\":\"http:\/\/arquitecturadegalicia.eu\/blog\/#website\",\"url\":\"http:\/\/arquitecturadegalicia.eu\/blog\/\",\"name\":\"AG\",\"description\":\"Arquitectura de Galicia\",\"publisher\":{\"@id\":\"http:\/\/arquitecturadegalicia.eu\/blog\/#organization\"},\"potentialAction\":[{\"@type\":\"SearchAction\",\"target\":{\"@type\":\"EntryPoint\",\"urlTemplate\":\"http:\/\/arquitecturadegalicia.eu\/blog\/?s={search_term_string}\"},\"query-input\":{\"@type\":\"PropertyValueSpecification\",\"valueRequired\":true,\"valueName\":\"search_term_string\"}}],\"inLanguage\":\"es\"},{\"@type\":\"Organization\",\"@id\":\"http:\/\/arquitecturadegalicia.eu\/blog\/#organization\",\"name\":\"Arquitectura de Galicia\",\"url\":\"http:\/\/arquitecturadegalicia.eu\/blog\/\",\"logo\":{\"@type\":\"ImageObject\",\"inLanguage\":\"es\",\"@id\":\"http:\/\/arquitecturadegalicia.eu\/blog\/#\/schema\/logo\/image\/\",\"url\":\"https:\/\/arquitecturadegalicia.eu\/blog\/wp-content\/uploads\/2017\/01\/arquitecturacurrents2.png\",\"contentUrl\":\"https:\/\/arquitecturadegalicia.eu\/blog\/wp-content\/uploads\/2017\/01\/arquitecturacurrents2.png\",\"width\":840,\"height\":640,\"caption\":\"Arquitectura de Galicia\"},\"image\":{\"@id\":\"http:\/\/arquitecturadegalicia.eu\/blog\/#\/schema\/logo\/image\/\"},\"sameAs\":[\"https:\/\/www.facebook.com\/ArquitecturadeGalicia\/\",\"https:\/\/x.com\/arquigaliciaeu\",\"https:\/\/www.instagram.com\/arquigaliciaeu\/\"]}]}<\/script>\n<!-- \/ Yoast SEO plugin. -->","yoast_head_json":{"title":"I Premios Enor | AG","robots":{"index":"index","follow":"follow","max-snippet":"max-snippet:-1","max-image-preview":"max-image-preview:large","max-video-preview":"max-video-preview:-1"},"canonical":"https:\/\/arquitecturadegalicia.eu\/blog\/premios\/premios-enor-para-galicia\/i-premios-enor\/","og_locale":"es_ES","og_type":"article","og_title":"I Premios Enor | AG","og_description":"Vivenda\u00a0unifamiliar en Poio _ \u00a0Leopoldo Alonso-Lamberti Centro de documentaci\u00f3n de Elvi\u00f1a\u00a0_ Jose Ram\u00f3n Garitaonaindia\u00a0+\u00a0Jos\u00e9 Manuel Berm\u00fadez Grai\u00f1o Biblioteca central de Ourense _ Jes\u00fas Llamazares Castro y Galo Zayas Cavajal (ACXT) Viveiro de empresas en Santiago de Compostela _ Abalo + Alonso Hotel NH Obradoiro\u00a0_ Aranguren +\u00a0Gallegos Laboratorio en Louriz\u00e1n _ Jos\u00e9 Manuel Bermudez Grai\u00f1o\u00a0y Lucila...","og_url":"https:\/\/arquitecturadegalicia.eu\/blog\/premios\/premios-enor-para-galicia\/i-premios-enor\/","og_site_name":"AG","article_publisher":"https:\/\/www.facebook.com\/ArquitecturadeGalicia\/","article_modified_time":"2014-11-08T17:31:19+00:00","twitter_card":"summary_large_image","twitter_site":"@arquigaliciaeu","schema":{"@context":"https:\/\/schema.org","@graph":[{"@type":"WebPage","@id":"https:\/\/arquitecturadegalicia.eu\/blog\/premios\/premios-enor-para-galicia\/i-premios-enor\/","url":"https:\/\/arquitecturadegalicia.eu\/blog\/premios\/premios-enor-para-galicia\/i-premios-enor\/","name":"I Premios Enor | AG","isPartOf":{"@id":"http:\/\/arquitecturadegalicia.eu\/blog\/#website"},"datePublished":"2013-01-07T21:52:13+00:00","dateModified":"2014-11-08T17:31:19+00:00","breadcrumb":{"@id":"https:\/\/arquitecturadegalicia.eu\/blog\/premios\/premios-enor-para-galicia\/i-premios-enor\/#breadcrumb"},"inLanguage":"es","potentialAction":[{"@type":"ReadAction","target":["https:\/\/arquitecturadegalicia.eu\/blog\/premios\/premios-enor-para-galicia\/i-premios-enor\/"]}]},{"@type":"BreadcrumbList","@id":"https:\/\/arquitecturadegalicia.eu\/blog\/premios\/premios-enor-para-galicia\/i-premios-enor\/#breadcrumb","itemListElement":[{"@type":"ListItem","position":1,"name":"Portada","item":"http:\/\/arquitecturadegalicia.eu\/blog\/"},{"@type":"ListItem","position":2,"name":"Premios","item":"http:\/\/arquitecturadegalicia.eu\/blog\/premios\/"},{"@type":"ListItem","position":3,"name":"Premios ENOR para Galicia","item":"http:\/\/arquitecturadegalicia.eu\/blog\/premios\/premios-enor-para-galicia\/"},{"@type":"ListItem","position":4,"name":"I Premios Enor"}]},{"@type":"WebSite","@id":"http:\/\/arquitecturadegalicia.eu\/blog\/#website","url":"http:\/\/arquitecturadegalicia.eu\/blog\/","name":"AG","description":"Arquitectura de Galicia","publisher":{"@id":"http:\/\/arquitecturadegalicia.eu\/blog\/#organization"},"potentialAction":[{"@type":"SearchAction","target":{"@type":"EntryPoint","urlTemplate":"http:\/\/arquitecturadegalicia.eu\/blog\/?s={search_term_string}"},"query-input":{"@type":"PropertyValueSpecification","valueRequired":true,"valueName":"search_term_string"}}],"inLanguage":"es"},{"@type":"Organization","@id":"http:\/\/arquitecturadegalicia.eu\/blog\/#organization","name":"Arquitectura de Galicia","url":"http:\/\/arquitecturadegalicia.eu\/blog\/","logo":{"@type":"ImageObject","inLanguage":"es","@id":"http:\/\/arquitecturadegalicia.eu\/blog\/#\/schema\/logo\/image\/","url":"https:\/\/arquitecturadegalicia.eu\/blog\/wp-content\/uploads\/2017\/01\/arquitecturacurrents2.png","contentUrl":"https:\/\/arquitecturadegalicia.eu\/blog\/wp-content\/uploads\/2017\/01\/arquitecturacurrents2.png","width":840,"height":640,"caption":"Arquitectura de Galicia"},"image":{"@id":"http:\/\/arquitecturadegalicia.eu\/blog\/#\/schema\/logo\/image\/"},"sameAs":["https:\/\/www.facebook.com\/ArquitecturadeGalicia\/","https:\/\/x.com\/arquigaliciaeu","https:\/\/www.instagram.com\/arquigaliciaeu\/"]}]}},"jetpack_shortlink":"https:\/\/wp.me\/P2NHs2-qH","jetpack_sharing_enabled":true,"_links":{"self":[{"href":"https:\/\/arquitecturadegalicia.eu\/blog\/wp-json\/wp\/v2\/pages\/1655","targetHints":{"allow":["GET"]}}],"collection":[{"href":"https:\/\/arquitecturadegalicia.eu\/blog\/wp-json\/wp\/v2\/pages"}],"about":[{"href":"https:\/\/arquitecturadegalicia.eu\/blog\/wp-json\/wp\/v2\/types\/page"}],"author":[{"embeddable":true,"href":"https:\/\/arquitecturadegalicia.eu\/blog\/wp-json\/wp\/v2\/users\/2"}],"replies":[{"embeddable":true,"href":"https:\/\/arquitecturadegalicia.eu\/blog\/wp-json\/wp\/v2\/comments?post=1655"}],"version-history":[{"count":10,"href":"https:\/\/arquitecturadegalicia.eu\/blog\/wp-json\/wp\/v2\/pages\/1655\/revisions"}],"predecessor-version":[{"id":12994,"href":"https:\/\/arquitecturadegalicia.eu\/blog\/wp-json\/wp\/v2\/pages\/1655\/revisions\/12994"}],"up":[{"embeddable":true,"href":"https:\/\/arquitecturadegalicia.eu\/blog\/wp-json\/wp\/v2\/pages\/354"}],"wp:attachment":[{"href":"https:\/\/arquitecturadegalicia.eu\/blog\/wp-json\/wp\/v2\/media?parent=1655"}],"curies":[{"name":"wp","href":"https:\/\/api.w.org\/{rel}","templated":true}]}}