{"id":1689,"date":"2013-01-07T22:52:32","date_gmt":"2013-01-07T21:52:32","guid":{"rendered":"http:\/\/arquitecturadegalicia.eu\/blog\/?page_id=1689"},"modified":"2014-11-10T17:06:29","modified_gmt":"2014-11-10T16:06:29","slug":"v-premios-coag-1992","status":"publish","type":"page","link":"https:\/\/arquitecturadegalicia.eu\/blog\/premios\/premios-do-coag\/v-premios-coag-1992\/","title":{"rendered":"V Premios COAG 1992"},"content":{"rendered":"<p dir=\"ltr\"><strong>Premio<\/strong><\/p>\n<ul>\n<li dir=\"ltr\"><strong>Rehabilitaci\u00f3n de antiga f\u00e1brica de curtidos para edificios de vivendas no Carmen de Abaixo, Santiago de Compostela<\/strong> _ Jos\u00e9 Luis Pereiro Alonso<\/li>\n<\/ul>\n<p dir=\"ltr\"><strong>Acc\u00e9sits<\/strong><\/p>\n<ul>\n<li dir=\"ltr\"><strong>Vivenda Unifamiliar en Canido, Vigo<\/strong> \u00a0_ <a href=\"http:\/\/arquitecturadegalicia.eu\/blog\/?tag=luis-meijide-rico\">Luis Meijide Rico<\/a>, <a href=\"http:\/\/arquitecturadegalicia.eu\/blog\/?tag=cesar-jimenez-lopez\">C\u00e9sar Jim\u00e9nez L\u00f3pez<\/a>, Jes\u00fas Cordeiro Rodr\u00edguez e <a href=\"http:\/\/arquitecturadegalicia.eu\/blog\/?tag=antonio-davila-alonso\">Antonio D\u00e1vila Alonso<\/a><\/li>\n<li dir=\"ltr\"><strong>Centro de sa\u00fade en Arteixo, A Coru\u00f1a<\/strong> _ <a href=\"http:\/\/arquitecturadegalicia.eu\/blog\/?tag=gabriel-santos-zas\">Gabriel Santos Zas<\/a><\/li>\n<li dir=\"ltr\"><strong>Adecuaci\u00f3n de edificio para colexio de m\u00e9dicos de Pontevedra<\/strong> _ <a href=\"http:\/\/arquitecturadegalicia.eu\/blog\/?tag=celestino-garcia-brana\">Celestino Garc\u00eda Bra\u00f1a<\/a> e Gonzalo de Pedro Quijano<\/li>\n<li dir=\"ltr\"><strong>Ordenaci\u00f3n dun espazo p\u00fablico no pol\u00edgono de Fingoi, Lugo<\/strong> _ <a href=\"http:\/\/arquitecturadegalicia.eu\/blog\/?tag=santiago-catalan-tobia\">Santiago Catal\u00e1n Tob\u00eda<\/a><\/li>\n<\/ul>\n","protected":false},"excerpt":{"rendered":"<p>Premio Rehabilitaci\u00f3n de antiga f\u00e1brica de curtidos para edificios de vivendas no Carmen de Abaixo, Santiago de Compostela _ Jos\u00e9 Luis Pereiro Alonso Acc\u00e9sits Vivenda Unifamiliar en Canido, Vigo \u00a0_ Luis Meijide Rico, C\u00e9sar Jim\u00e9nez L\u00f3pez, Jes\u00fas Cordeiro Rodr\u00edguez e Antonio D\u00e1vila Alonso Centro de sa\u00fade en Arteixo, A Coru\u00f1a _ Gabriel Santos Zas Adecuaci\u00f3n<a href=\"https:\/\/arquitecturadegalicia.eu\/blog\/premios\/premios-do-coag\/v-premios-coag-1992\/\" title=\"Read more\" >&#8230;<\/a><\/p>\n","protected":false},"author":2,"featured_media":0,"parent":352,"menu_order":95,"comment_status":"open","ping_status":"open","template":"","meta":{"jetpack_post_was_ever_published":false,"footnotes":""},"class_list":["post-1689","page","type-page","status-publish","hentry","content-print"],"yoast_head":"<!-- This site is optimized with the Yoast SEO plugin v24.1 - https:\/\/yoast.com\/wordpress\/plugins\/seo\/ -->\n<title>V Premios COAG 1992 | AG<\/title>\n<meta name=\"robots\" content=\"index, follow, max-snippet:-1, max-image-preview:large, max-video-preview:-1\" \/>\n<link rel=\"canonical\" href=\"https:\/\/arquitecturadegalicia.eu\/blog\/premios\/premios-do-coag\/v-premios-coag-1992\/\" \/>\n<meta property=\"og:locale\" content=\"es_ES\" \/>\n<meta property=\"og:type\" content=\"article\" \/>\n<meta property=\"og:title\" content=\"V Premios COAG 1992 | AG\" \/>\n<meta property=\"og:description\" content=\"Premio Rehabilitaci\u00f3n de antiga f\u00e1brica de curtidos para edificios de vivendas no Carmen de Abaixo, Santiago de Compostela _ Jos\u00e9 Luis Pereiro Alonso Acc\u00e9sits Vivenda Unifamiliar en Canido, Vigo \u00a0_ Luis Meijide Rico, C\u00e9sar Jim\u00e9nez L\u00f3pez, Jes\u00fas Cordeiro Rodr\u00edguez e Antonio D\u00e1vila Alonso Centro de sa\u00fade en Arteixo, A Coru\u00f1a _ Gabriel Santos Zas Adecuaci\u00f3n...\" \/>\n<meta property=\"og:url\" content=\"https:\/\/arquitecturadegalicia.eu\/blog\/premios\/premios-do-coag\/v-premios-coag-1992\/\" \/>\n<meta property=\"og:site_name\" content=\"AG\" \/>\n<meta property=\"article:publisher\" content=\"https:\/\/www.facebook.com\/ArquitecturadeGalicia\/\" \/>\n<meta property=\"article:modified_time\" content=\"2014-11-10T16:06:29+00:00\" \/>\n<meta name=\"twitter:card\" content=\"summary_large_image\" \/>\n<meta name=\"twitter:site\" content=\"@arquigaliciaeu\" \/>\n<meta name=\"twitter:label1\" content=\"Tiempo de lectura\" \/>\n\t<meta name=\"twitter:data1\" content=\"1 minuto\" \/>\n<script type=\"application\/ld+json\" class=\"yoast-schema-graph\">{\"@context\":\"https:\/\/schema.org\",\"@graph\":[{\"@type\":\"WebPage\",\"@id\":\"https:\/\/arquitecturadegalicia.eu\/blog\/premios\/premios-do-coag\/v-premios-coag-1992\/\",\"url\":\"https:\/\/arquitecturadegalicia.eu\/blog\/premios\/premios-do-coag\/v-premios-coag-1992\/\",\"name\":\"V Premios COAG 1992 | AG\",\"isPartOf\":{\"@id\":\"http:\/\/arquitecturadegalicia.eu\/blog\/#website\"},\"datePublished\":\"2013-01-07T21:52:32+00:00\",\"dateModified\":\"2014-11-10T16:06:29+00:00\",\"breadcrumb\":{\"@id\":\"https:\/\/arquitecturadegalicia.eu\/blog\/premios\/premios-do-coag\/v-premios-coag-1992\/#breadcrumb\"},\"inLanguage\":\"es\",\"potentialAction\":[{\"@type\":\"ReadAction\",\"target\":[\"https:\/\/arquitecturadegalicia.eu\/blog\/premios\/premios-do-coag\/v-premios-coag-1992\/\"]}]},{\"@type\":\"BreadcrumbList\",\"@id\":\"https:\/\/arquitecturadegalicia.eu\/blog\/premios\/premios-do-coag\/v-premios-coag-1992\/#breadcrumb\",\"itemListElement\":[{\"@type\":\"ListItem\",\"position\":1,\"name\":\"Portada\",\"item\":\"http:\/\/arquitecturadegalicia.eu\/blog\/\"},{\"@type\":\"ListItem\",\"position\":2,\"name\":\"Premios\",\"item\":\"http:\/\/arquitecturadegalicia.eu\/blog\/premios\/\"},{\"@type\":\"ListItem\",\"position\":3,\"name\":\"Premios do COAG\",\"item\":\"http:\/\/arquitecturadegalicia.eu\/blog\/premios\/premios-do-coag\/\"},{\"@type\":\"ListItem\",\"position\":4,\"name\":\"V Premios COAG 1992\"}]},{\"@type\":\"WebSite\",\"@id\":\"http:\/\/arquitecturadegalicia.eu\/blog\/#website\",\"url\":\"http:\/\/arquitecturadegalicia.eu\/blog\/\",\"name\":\"AG\",\"description\":\"Arquitectura de Galicia\",\"publisher\":{\"@id\":\"http:\/\/arquitecturadegalicia.eu\/blog\/#organization\"},\"potentialAction\":[{\"@type\":\"SearchAction\",\"target\":{\"@type\":\"EntryPoint\",\"urlTemplate\":\"http:\/\/arquitecturadegalicia.eu\/blog\/?s={search_term_string}\"},\"query-input\":{\"@type\":\"PropertyValueSpecification\",\"valueRequired\":true,\"valueName\":\"search_term_string\"}}],\"inLanguage\":\"es\"},{\"@type\":\"Organization\",\"@id\":\"http:\/\/arquitecturadegalicia.eu\/blog\/#organization\",\"name\":\"Arquitectura de Galicia\",\"url\":\"http:\/\/arquitecturadegalicia.eu\/blog\/\",\"logo\":{\"@type\":\"ImageObject\",\"inLanguage\":\"es\",\"@id\":\"http:\/\/arquitecturadegalicia.eu\/blog\/#\/schema\/logo\/image\/\",\"url\":\"https:\/\/arquitecturadegalicia.eu\/blog\/wp-content\/uploads\/2017\/01\/arquitecturacurrents2.png\",\"contentUrl\":\"https:\/\/arquitecturadegalicia.eu\/blog\/wp-content\/uploads\/2017\/01\/arquitecturacurrents2.png\",\"width\":840,\"height\":640,\"caption\":\"Arquitectura de Galicia\"},\"image\":{\"@id\":\"http:\/\/arquitecturadegalicia.eu\/blog\/#\/schema\/logo\/image\/\"},\"sameAs\":[\"https:\/\/www.facebook.com\/ArquitecturadeGalicia\/\",\"https:\/\/x.com\/arquigaliciaeu\",\"https:\/\/www.instagram.com\/arquigaliciaeu\/\"]}]}<\/script>\n<!-- \/ Yoast SEO plugin. -->","yoast_head_json":{"title":"V Premios COAG 1992 | AG","robots":{"index":"index","follow":"follow","max-snippet":"max-snippet:-1","max-image-preview":"max-image-preview:large","max-video-preview":"max-video-preview:-1"},"canonical":"https:\/\/arquitecturadegalicia.eu\/blog\/premios\/premios-do-coag\/v-premios-coag-1992\/","og_locale":"es_ES","og_type":"article","og_title":"V Premios COAG 1992 | AG","og_description":"Premio Rehabilitaci\u00f3n de antiga f\u00e1brica de curtidos para edificios de vivendas no Carmen de Abaixo, Santiago de Compostela _ Jos\u00e9 Luis Pereiro Alonso Acc\u00e9sits Vivenda Unifamiliar en Canido, Vigo \u00a0_ Luis Meijide Rico, C\u00e9sar Jim\u00e9nez L\u00f3pez, Jes\u00fas Cordeiro Rodr\u00edguez e Antonio D\u00e1vila Alonso Centro de sa\u00fade en Arteixo, A Coru\u00f1a _ Gabriel Santos Zas Adecuaci\u00f3n...","og_url":"https:\/\/arquitecturadegalicia.eu\/blog\/premios\/premios-do-coag\/v-premios-coag-1992\/","og_site_name":"AG","article_publisher":"https:\/\/www.facebook.com\/ArquitecturadeGalicia\/","article_modified_time":"2014-11-10T16:06:29+00:00","twitter_card":"summary_large_image","twitter_site":"@arquigaliciaeu","twitter_misc":{"Tiempo de lectura":"1 minuto"},"schema":{"@context":"https:\/\/schema.org","@graph":[{"@type":"WebPage","@id":"https:\/\/arquitecturadegalicia.eu\/blog\/premios\/premios-do-coag\/v-premios-coag-1992\/","url":"https:\/\/arquitecturadegalicia.eu\/blog\/premios\/premios-do-coag\/v-premios-coag-1992\/","name":"V Premios COAG 1992 | AG","isPartOf":{"@id":"http:\/\/arquitecturadegalicia.eu\/blog\/#website"},"datePublished":"2013-01-07T21:52:32+00:00","dateModified":"2014-11-10T16:06:29+00:00","breadcrumb":{"@id":"https:\/\/arquitecturadegalicia.eu\/blog\/premios\/premios-do-coag\/v-premios-coag-1992\/#breadcrumb"},"inLanguage":"es","potentialAction":[{"@type":"ReadAction","target":["https:\/\/arquitecturadegalicia.eu\/blog\/premios\/premios-do-coag\/v-premios-coag-1992\/"]}]},{"@type":"BreadcrumbList","@id":"https:\/\/arquitecturadegalicia.eu\/blog\/premios\/premios-do-coag\/v-premios-coag-1992\/#breadcrumb","itemListElement":[{"@type":"ListItem","position":1,"name":"Portada","item":"http:\/\/arquitecturadegalicia.eu\/blog\/"},{"@type":"ListItem","position":2,"name":"Premios","item":"http:\/\/arquitecturadegalicia.eu\/blog\/premios\/"},{"@type":"ListItem","position":3,"name":"Premios do COAG","item":"http:\/\/arquitecturadegalicia.eu\/blog\/premios\/premios-do-coag\/"},{"@type":"ListItem","position":4,"name":"V Premios COAG 1992"}]},{"@type":"WebSite","@id":"http:\/\/arquitecturadegalicia.eu\/blog\/#website","url":"http:\/\/arquitecturadegalicia.eu\/blog\/","name":"AG","description":"Arquitectura de Galicia","publisher":{"@id":"http:\/\/arquitecturadegalicia.eu\/blog\/#organization"},"potentialAction":[{"@type":"SearchAction","target":{"@type":"EntryPoint","urlTemplate":"http:\/\/arquitecturadegalicia.eu\/blog\/?s={search_term_string}"},"query-input":{"@type":"PropertyValueSpecification","valueRequired":true,"valueName":"search_term_string"}}],"inLanguage":"es"},{"@type":"Organization","@id":"http:\/\/arquitecturadegalicia.eu\/blog\/#organization","name":"Arquitectura de Galicia","url":"http:\/\/arquitecturadegalicia.eu\/blog\/","logo":{"@type":"ImageObject","inLanguage":"es","@id":"http:\/\/arquitecturadegalicia.eu\/blog\/#\/schema\/logo\/image\/","url":"https:\/\/arquitecturadegalicia.eu\/blog\/wp-content\/uploads\/2017\/01\/arquitecturacurrents2.png","contentUrl":"https:\/\/arquitecturadegalicia.eu\/blog\/wp-content\/uploads\/2017\/01\/arquitecturacurrents2.png","width":840,"height":640,"caption":"Arquitectura de Galicia"},"image":{"@id":"http:\/\/arquitecturadegalicia.eu\/blog\/#\/schema\/logo\/image\/"},"sameAs":["https:\/\/www.facebook.com\/ArquitecturadeGalicia\/","https:\/\/x.com\/arquigaliciaeu","https:\/\/www.instagram.com\/arquigaliciaeu\/"]}]}},"jetpack_shortlink":"https:\/\/wp.me\/P2NHs2-rf","jetpack_sharing_enabled":true,"_links":{"self":[{"href":"https:\/\/arquitecturadegalicia.eu\/blog\/wp-json\/wp\/v2\/pages\/1689","targetHints":{"allow":["GET"]}}],"collection":[{"href":"https:\/\/arquitecturadegalicia.eu\/blog\/wp-json\/wp\/v2\/pages"}],"about":[{"href":"https:\/\/arquitecturadegalicia.eu\/blog\/wp-json\/wp\/v2\/types\/page"}],"author":[{"embeddable":true,"href":"https:\/\/arquitecturadegalicia.eu\/blog\/wp-json\/wp\/v2\/users\/2"}],"replies":[{"embeddable":true,"href":"https:\/\/arquitecturadegalicia.eu\/blog\/wp-json\/wp\/v2\/comments?post=1689"}],"version-history":[{"count":8,"href":"https:\/\/arquitecturadegalicia.eu\/blog\/wp-json\/wp\/v2\/pages\/1689\/revisions"}],"predecessor-version":[{"id":13129,"href":"https:\/\/arquitecturadegalicia.eu\/blog\/wp-json\/wp\/v2\/pages\/1689\/revisions\/13129"}],"up":[{"embeddable":true,"href":"https:\/\/arquitecturadegalicia.eu\/blog\/wp-json\/wp\/v2\/pages\/352"}],"wp:attachment":[{"href":"https:\/\/arquitecturadegalicia.eu\/blog\/wp-json\/wp\/v2\/media?parent=1689"}],"curies":[{"name":"wp","href":"https:\/\/api.w.org\/{rel}","templated":true}]}}