{"id":1718,"date":"2013-01-07T22:51:57","date_gmt":"2013-01-07T21:51:57","guid":{"rendered":"http:\/\/arquitecturadegalicia.eu\/blog\/?page_id=1718"},"modified":"2014-11-08T20:19:12","modified_gmt":"2014-11-08T19:19:12","slug":"premios-xoana-de-vega-2010","status":"publish","type":"page","link":"https:\/\/arquitecturadegalicia.eu\/blog\/premios\/premios-xoana-de-vega-de-arquitectura\/premios-xoana-de-vega-2010\/","title":{"rendered":"Premios Xoana de Vega 2010"},"content":{"rendered":"<p dir=\"ltr\"><strong>Primeiro Premio<\/strong><\/p>\n<ul>\n<li><a href=\"http:\/\/arquitecturadegalicia.eu\/blog\/?p=392\"><strong>Vivenda\u00a0unifamiliar\u00a0en\u00a0Li\u00e1ns,\u00a0Oleiros<\/strong><\/a>, por\u00a0<a href=\"http:\/\/arquitecturadegalicia.eu\/blog\/?tag=carlosseoane\">Carlos\u00a0Seoane Gonz\u00e1lez<\/a>.<\/li>\n<\/ul>\n<p>&nbsp;<\/p>\n<p dir=\"ltr\"><strong>Acc\u00e9sits<\/strong><\/p>\n<ul>\n<li><a href=\"http:\/\/arquitecturadegalicia.eu\/blog\/?p=8024\"><strong>Vivenda unifamiliar en\u00a0O Quinteiro, Nigr\u00e1n<\/strong><\/a>, por <a href=\"http:\/\/arquitecturadegalicia.eu\/blog\/?tag=quintela-porro\">Jos\u00e9 Luis Quintela Porro<\/a> e M\u00f3nica D\u00edaz Rodr\u00edguez<\/li>\n<\/ul>\n<p>&nbsp;<\/p>\n<p>&nbsp;<\/p>\n<h3><a href=\"http:\/\/www.escolagalegadapaisaxe.org\/ga\/mactividades\/premios\/arquitectura\/?f=2010\">Acta final do xurado<\/a><\/h3>\n<p>\u00ab\u00c1s 22 horas do 19 de xullo re\u00fanese o xurado en Gondomar, integrado polas seguintes persoas:<\/p>\n<table border=\"0\" width=\"75%\" cellspacing=\"0\" cellpadding=\"3\" align=\"center\">\n<tbody>\n<tr>\n<td valign=\"top\"><strong>Presidente<\/strong><\/td>\n<td>Celestino Garc\u00eda Bra\u00f1a<\/td>\n<\/tr>\n<tr>\n<td valign=\"top\"><strong>Secretario<\/strong><\/td>\n<td>Enrique S\u00e1ez Ponte<\/td>\n<\/tr>\n<tr>\n<td valign=\"top\"><strong>Vocais<\/strong><\/td>\n<td>Xos\u00e9 Manuel Casabella L\u00f3pezManuel Caama\u00f1o Su\u00e1rez<\/p>\n<p>Salvador Fraga Rivas<\/p>\n<p>Francisco Xavier Seoane Rivas<\/p>\n<p>Gon\u00e7alo Byrne<\/td>\n<\/tr>\n<\/tbody>\n<\/table>\n<p>Asemade asiste Isabel Aguirre de Urcola, como directora da Escola Galega da Paisaxe.<\/p>\n<p>Durante o d\u00eda, visit\u00e1ronse as cinco vivendas unifamiliares que foran seleccionadas na primeira reuni\u00f3n do xurado o 28 de xu\u00f1o. Tam\u00e9n se visitou unha sexta en Gondomar, respecto a cal hab\u00eda d\u00fabidas sobre inclu\u00edla ou non como candidata a ser visitada.<\/p>\n<p>O Xurado fai unha detida valoraci\u00f3n limitada \u00e1s cinco obras seleccionadas inicialmente e procede logo a un prolongado debate, tralo que aproba por unanimidade o seguinte:<\/p>\n<ol>\n<li>Conceder o Premio Juana de Vega de Arquitectura para vivendas rematadas no ano 2009 ao arquitecto Jos\u00e9 Carlos Seoane Gonz\u00e1lez pola s\u00faa obra sita na Urbanizaci\u00f3n \u00abAs Galeras\u00bb Rua Antonio Maceo, 5 \u2013 Lians, Oleiros. O xurado quere salientar a complexa integraz\u00f3n da casa no espazo no que se sit\u00faa: un solar en descenso cara ao mar, cunha extraordinaria vista sobre a ba\u00eda da Coru\u00f1a e con importantes limitaci\u00f3ns de normativa local e de costas. Aprov\u00e9itanse ben estas circunstancias para situar con discreci\u00f3n unha vivenda de notables dimensi\u00f3ns. Gran parte da matizada perspectiva que ofrece cara \u00e1 fachada principal d\u00e9bese \u00e1 gran p\u00e9rgola de formig\u00f3n, que cubre e da unidade ao acceso e, ao mesmo tempo, facilita luz ao patio interior mediante un oco circular. A\u00ednda que en alg\u00fan elemento concreto rec\u00f3rrese a un excesivo formalismo, resaltan as coidadas soluci\u00f3ns de dese\u00f1o que artellan os espazos nos tres niveis do inm\u00f3bel.<\/li>\n<li>Conceder un acc\u00e9sit aos arquitectos Jos\u00e9 Luis Quintela Porro e M\u00f3nica D\u00edaz Rodr\u00edguez, polo seu proxecto realizado en O Quinteiro, Nigr\u00e1n. Destaca a soluci\u00f3n exterior simple, que agocha unha secci\u00f3n complexa. O nivel inferior, illado do superior e de concepci\u00f3n moi eficaz, descorre por baixo da terraza da piscina e se reserva para as actividades de lecer. O conxunto transmite unha idea de contenci\u00f3n concisa e bon uso dos materiais, a\u00ednda que amosa unha excesiva compresi\u00f3n de alg\u00fan espazo e coloca a cheminea en lugar afastado<\/li>\n<li>O xurado quere reflectir, como finalistas destacados, o valor de d\u00faas vivendas situadas en zonas urbanas. Ambas representan un cami\u00f1o axeitado para recuperar e por en valor tecido urbano deprimido.<br \/>\nEntende o xurado que esta \u00e9 unha actividade que compre potenciar e que vai representar un desaf\u00edo e, ao mesmo tempo, unha oportunidade para os arquitectos nos vindeiros anos.<\/p>\n<ul>\n<li>A primeira das obras, da arquitecta Patricia Montes Andr\u00e9s, sit\u00faase no barrio de Canido en Ferrol. \u00c9 unha intervenci\u00f3n de calidade, que aporta unha peza de arquitectura actual nun vello barrio ferrolano, bastante deteriorado. Destaca pola modernidade das soluci\u00f3ns elexidas. A vivenda, de tres<br \/>\nplantas, \u00e1brese cara a un tranquilo xard\u00edn posterior, presidido por unha gran nogueira. A branca casa ofrece moita luz en todos os espazos, ben concebidos para adapt\u00e1rense \u00e1s necesidades dos donos.<\/li>\n<li>A segunda, da arquitecta Helena Mosquera Garc\u00eda, \u00e9 unha obra de recuperaci\u00f3n dun edificio protexido situado no casco hist\u00f3rico de Betanzos. O traballo realizado \u00e9 un bon exemplo de como un coidado dese\u00f1o pode adaptar un espazo e unha fachada predeterminadas a soluci\u00f3ns interiores complexas, luminosas e flex\u00edbels. A delicadeza e precisi\u00f3n da obra realizada am\u00f3sase no tratamento da madeira, moi presente en toda a casa.\u00bb<\/li>\n<\/ul>\n<\/li>\n<\/ol>\n","protected":false},"excerpt":{"rendered":"<p>Primeiro Premio Vivenda\u00a0unifamiliar\u00a0en\u00a0Li\u00e1ns,\u00a0Oleiros, por\u00a0Carlos\u00a0Seoane Gonz\u00e1lez. &nbsp; Acc\u00e9sits Vivenda unifamiliar en\u00a0O Quinteiro, Nigr\u00e1n, por Jos\u00e9 Luis Quintela Porro e M\u00f3nica D\u00edaz Rodr\u00edguez &nbsp; &nbsp; Acta final do xurado \u00ab\u00c1s 22 horas do 19 de xullo re\u00fanese o xurado en Gondomar, integrado polas seguintes persoas: Presidente Celestino Garc\u00eda Bra\u00f1a Secretario Enrique S\u00e1ez Ponte Vocais Xos\u00e9 Manuel Casabella<a href=\"https:\/\/arquitecturadegalicia.eu\/blog\/premios\/premios-xoana-de-vega-de-arquitectura\/premios-xoana-de-vega-2010\/\" title=\"Read more\" >&#8230;<\/a><\/p>\n","protected":false},"author":2,"featured_media":0,"parent":331,"menu_order":2,"comment_status":"open","ping_status":"open","template":"","meta":{"jetpack_post_was_ever_published":false,"footnotes":""},"class_list":["post-1718","page","type-page","status-publish","hentry","content-print"],"yoast_head":"<!-- This site is optimized with the Yoast SEO plugin v24.1 - https:\/\/yoast.com\/wordpress\/plugins\/seo\/ -->\n<title>Premios Xoana de Vega 2010 | AG<\/title>\n<meta name=\"robots\" content=\"index, follow, max-snippet:-1, max-image-preview:large, max-video-preview:-1\" \/>\n<link rel=\"canonical\" href=\"https:\/\/arquitecturadegalicia.eu\/blog\/premios\/premios-xoana-de-vega-de-arquitectura\/premios-xoana-de-vega-2010\/\" \/>\n<meta property=\"og:locale\" content=\"es_ES\" \/>\n<meta property=\"og:type\" content=\"article\" \/>\n<meta property=\"og:title\" content=\"Premios Xoana de Vega 2010 | AG\" \/>\n<meta property=\"og:description\" content=\"Primeiro Premio Vivenda\u00a0unifamiliar\u00a0en\u00a0Li\u00e1ns,\u00a0Oleiros, por\u00a0Carlos\u00a0Seoane Gonz\u00e1lez. &nbsp; Acc\u00e9sits Vivenda unifamiliar en\u00a0O Quinteiro, Nigr\u00e1n, por Jos\u00e9 Luis Quintela Porro e M\u00f3nica D\u00edaz Rodr\u00edguez &nbsp; &nbsp; Acta final do xurado \u00ab\u00c1s 22 horas do 19 de xullo re\u00fanese o xurado en Gondomar, integrado polas seguintes persoas: Presidente Celestino Garc\u00eda Bra\u00f1a Secretario Enrique S\u00e1ez Ponte Vocais Xos\u00e9 Manuel Casabella...\" \/>\n<meta property=\"og:url\" content=\"https:\/\/arquitecturadegalicia.eu\/blog\/premios\/premios-xoana-de-vega-de-arquitectura\/premios-xoana-de-vega-2010\/\" \/>\n<meta property=\"og:site_name\" content=\"AG\" \/>\n<meta property=\"article:publisher\" content=\"https:\/\/www.facebook.com\/ArquitecturadeGalicia\/\" \/>\n<meta property=\"article:modified_time\" content=\"2014-11-08T19:19:12+00:00\" \/>\n<meta name=\"twitter:card\" content=\"summary_large_image\" \/>\n<meta name=\"twitter:site\" content=\"@arquigaliciaeu\" \/>\n<meta name=\"twitter:label1\" content=\"Tiempo de lectura\" \/>\n\t<meta name=\"twitter:data1\" content=\"3 minutos\" \/>\n<script type=\"application\/ld+json\" class=\"yoast-schema-graph\">{\"@context\":\"https:\/\/schema.org\",\"@graph\":[{\"@type\":\"WebPage\",\"@id\":\"https:\/\/arquitecturadegalicia.eu\/blog\/premios\/premios-xoana-de-vega-de-arquitectura\/premios-xoana-de-vega-2010\/\",\"url\":\"https:\/\/arquitecturadegalicia.eu\/blog\/premios\/premios-xoana-de-vega-de-arquitectura\/premios-xoana-de-vega-2010\/\",\"name\":\"Premios Xoana de Vega 2010 | AG\",\"isPartOf\":{\"@id\":\"http:\/\/arquitecturadegalicia.eu\/blog\/#website\"},\"datePublished\":\"2013-01-07T21:51:57+00:00\",\"dateModified\":\"2014-11-08T19:19:12+00:00\",\"breadcrumb\":{\"@id\":\"https:\/\/arquitecturadegalicia.eu\/blog\/premios\/premios-xoana-de-vega-de-arquitectura\/premios-xoana-de-vega-2010\/#breadcrumb\"},\"inLanguage\":\"es\",\"potentialAction\":[{\"@type\":\"ReadAction\",\"target\":[\"https:\/\/arquitecturadegalicia.eu\/blog\/premios\/premios-xoana-de-vega-de-arquitectura\/premios-xoana-de-vega-2010\/\"]}]},{\"@type\":\"BreadcrumbList\",\"@id\":\"https:\/\/arquitecturadegalicia.eu\/blog\/premios\/premios-xoana-de-vega-de-arquitectura\/premios-xoana-de-vega-2010\/#breadcrumb\",\"itemListElement\":[{\"@type\":\"ListItem\",\"position\":1,\"name\":\"Portada\",\"item\":\"http:\/\/arquitecturadegalicia.eu\/blog\/\"},{\"@type\":\"ListItem\",\"position\":2,\"name\":\"Premios\",\"item\":\"http:\/\/arquitecturadegalicia.eu\/blog\/premios\/\"},{\"@type\":\"ListItem\",\"position\":3,\"name\":\"Premios Xoana de Vega de Arquitectura\",\"item\":\"http:\/\/arquitecturadegalicia.eu\/blog\/premios\/premios-xoana-de-vega-de-arquitectura\/\"},{\"@type\":\"ListItem\",\"position\":4,\"name\":\"Premios Xoana de Vega 2010\"}]},{\"@type\":\"WebSite\",\"@id\":\"http:\/\/arquitecturadegalicia.eu\/blog\/#website\",\"url\":\"http:\/\/arquitecturadegalicia.eu\/blog\/\",\"name\":\"AG\",\"description\":\"Arquitectura de Galicia\",\"publisher\":{\"@id\":\"http:\/\/arquitecturadegalicia.eu\/blog\/#organization\"},\"potentialAction\":[{\"@type\":\"SearchAction\",\"target\":{\"@type\":\"EntryPoint\",\"urlTemplate\":\"http:\/\/arquitecturadegalicia.eu\/blog\/?s={search_term_string}\"},\"query-input\":{\"@type\":\"PropertyValueSpecification\",\"valueRequired\":true,\"valueName\":\"search_term_string\"}}],\"inLanguage\":\"es\"},{\"@type\":\"Organization\",\"@id\":\"http:\/\/arquitecturadegalicia.eu\/blog\/#organization\",\"name\":\"Arquitectura de Galicia\",\"url\":\"http:\/\/arquitecturadegalicia.eu\/blog\/\",\"logo\":{\"@type\":\"ImageObject\",\"inLanguage\":\"es\",\"@id\":\"http:\/\/arquitecturadegalicia.eu\/blog\/#\/schema\/logo\/image\/\",\"url\":\"https:\/\/arquitecturadegalicia.eu\/blog\/wp-content\/uploads\/2017\/01\/arquitecturacurrents2.png\",\"contentUrl\":\"https:\/\/arquitecturadegalicia.eu\/blog\/wp-content\/uploads\/2017\/01\/arquitecturacurrents2.png\",\"width\":840,\"height\":640,\"caption\":\"Arquitectura de Galicia\"},\"image\":{\"@id\":\"http:\/\/arquitecturadegalicia.eu\/blog\/#\/schema\/logo\/image\/\"},\"sameAs\":[\"https:\/\/www.facebook.com\/ArquitecturadeGalicia\/\",\"https:\/\/x.com\/arquigaliciaeu\",\"https:\/\/www.instagram.com\/arquigaliciaeu\/\"]}]}<\/script>\n<!-- \/ Yoast SEO plugin. -->","yoast_head_json":{"title":"Premios Xoana de Vega 2010 | AG","robots":{"index":"index","follow":"follow","max-snippet":"max-snippet:-1","max-image-preview":"max-image-preview:large","max-video-preview":"max-video-preview:-1"},"canonical":"https:\/\/arquitecturadegalicia.eu\/blog\/premios\/premios-xoana-de-vega-de-arquitectura\/premios-xoana-de-vega-2010\/","og_locale":"es_ES","og_type":"article","og_title":"Premios Xoana de Vega 2010 | AG","og_description":"Primeiro Premio Vivenda\u00a0unifamiliar\u00a0en\u00a0Li\u00e1ns,\u00a0Oleiros, por\u00a0Carlos\u00a0Seoane Gonz\u00e1lez. &nbsp; Acc\u00e9sits Vivenda unifamiliar en\u00a0O Quinteiro, Nigr\u00e1n, por Jos\u00e9 Luis Quintela Porro e M\u00f3nica D\u00edaz Rodr\u00edguez &nbsp; &nbsp; Acta final do xurado \u00ab\u00c1s 22 horas do 19 de xullo re\u00fanese o xurado en Gondomar, integrado polas seguintes persoas: Presidente Celestino Garc\u00eda Bra\u00f1a Secretario Enrique S\u00e1ez Ponte Vocais Xos\u00e9 Manuel Casabella...","og_url":"https:\/\/arquitecturadegalicia.eu\/blog\/premios\/premios-xoana-de-vega-de-arquitectura\/premios-xoana-de-vega-2010\/","og_site_name":"AG","article_publisher":"https:\/\/www.facebook.com\/ArquitecturadeGalicia\/","article_modified_time":"2014-11-08T19:19:12+00:00","twitter_card":"summary_large_image","twitter_site":"@arquigaliciaeu","twitter_misc":{"Tiempo de lectura":"3 minutos"},"schema":{"@context":"https:\/\/schema.org","@graph":[{"@type":"WebPage","@id":"https:\/\/arquitecturadegalicia.eu\/blog\/premios\/premios-xoana-de-vega-de-arquitectura\/premios-xoana-de-vega-2010\/","url":"https:\/\/arquitecturadegalicia.eu\/blog\/premios\/premios-xoana-de-vega-de-arquitectura\/premios-xoana-de-vega-2010\/","name":"Premios Xoana de Vega 2010 | AG","isPartOf":{"@id":"http:\/\/arquitecturadegalicia.eu\/blog\/#website"},"datePublished":"2013-01-07T21:51:57+00:00","dateModified":"2014-11-08T19:19:12+00:00","breadcrumb":{"@id":"https:\/\/arquitecturadegalicia.eu\/blog\/premios\/premios-xoana-de-vega-de-arquitectura\/premios-xoana-de-vega-2010\/#breadcrumb"},"inLanguage":"es","potentialAction":[{"@type":"ReadAction","target":["https:\/\/arquitecturadegalicia.eu\/blog\/premios\/premios-xoana-de-vega-de-arquitectura\/premios-xoana-de-vega-2010\/"]}]},{"@type":"BreadcrumbList","@id":"https:\/\/arquitecturadegalicia.eu\/blog\/premios\/premios-xoana-de-vega-de-arquitectura\/premios-xoana-de-vega-2010\/#breadcrumb","itemListElement":[{"@type":"ListItem","position":1,"name":"Portada","item":"http:\/\/arquitecturadegalicia.eu\/blog\/"},{"@type":"ListItem","position":2,"name":"Premios","item":"http:\/\/arquitecturadegalicia.eu\/blog\/premios\/"},{"@type":"ListItem","position":3,"name":"Premios Xoana de Vega de Arquitectura","item":"http:\/\/arquitecturadegalicia.eu\/blog\/premios\/premios-xoana-de-vega-de-arquitectura\/"},{"@type":"ListItem","position":4,"name":"Premios Xoana de Vega 2010"}]},{"@type":"WebSite","@id":"http:\/\/arquitecturadegalicia.eu\/blog\/#website","url":"http:\/\/arquitecturadegalicia.eu\/blog\/","name":"AG","description":"Arquitectura de Galicia","publisher":{"@id":"http:\/\/arquitecturadegalicia.eu\/blog\/#organization"},"potentialAction":[{"@type":"SearchAction","target":{"@type":"EntryPoint","urlTemplate":"http:\/\/arquitecturadegalicia.eu\/blog\/?s={search_term_string}"},"query-input":{"@type":"PropertyValueSpecification","valueRequired":true,"valueName":"search_term_string"}}],"inLanguage":"es"},{"@type":"Organization","@id":"http:\/\/arquitecturadegalicia.eu\/blog\/#organization","name":"Arquitectura de Galicia","url":"http:\/\/arquitecturadegalicia.eu\/blog\/","logo":{"@type":"ImageObject","inLanguage":"es","@id":"http:\/\/arquitecturadegalicia.eu\/blog\/#\/schema\/logo\/image\/","url":"https:\/\/arquitecturadegalicia.eu\/blog\/wp-content\/uploads\/2017\/01\/arquitecturacurrents2.png","contentUrl":"https:\/\/arquitecturadegalicia.eu\/blog\/wp-content\/uploads\/2017\/01\/arquitecturacurrents2.png","width":840,"height":640,"caption":"Arquitectura de Galicia"},"image":{"@id":"http:\/\/arquitecturadegalicia.eu\/blog\/#\/schema\/logo\/image\/"},"sameAs":["https:\/\/www.facebook.com\/ArquitecturadeGalicia\/","https:\/\/x.com\/arquigaliciaeu","https:\/\/www.instagram.com\/arquigaliciaeu\/"]}]}},"jetpack_shortlink":"https:\/\/wp.me\/P2NHs2-rI","jetpack_sharing_enabled":true,"_links":{"self":[{"href":"https:\/\/arquitecturadegalicia.eu\/blog\/wp-json\/wp\/v2\/pages\/1718","targetHints":{"allow":["GET"]}}],"collection":[{"href":"https:\/\/arquitecturadegalicia.eu\/blog\/wp-json\/wp\/v2\/pages"}],"about":[{"href":"https:\/\/arquitecturadegalicia.eu\/blog\/wp-json\/wp\/v2\/types\/page"}],"author":[{"embeddable":true,"href":"https:\/\/arquitecturadegalicia.eu\/blog\/wp-json\/wp\/v2\/users\/2"}],"replies":[{"embeddable":true,"href":"https:\/\/arquitecturadegalicia.eu\/blog\/wp-json\/wp\/v2\/comments?post=1718"}],"version-history":[{"count":7,"href":"https:\/\/arquitecturadegalicia.eu\/blog\/wp-json\/wp\/v2\/pages\/1718\/revisions"}],"predecessor-version":[{"id":13026,"href":"https:\/\/arquitecturadegalicia.eu\/blog\/wp-json\/wp\/v2\/pages\/1718\/revisions\/13026"}],"up":[{"embeddable":true,"href":"https:\/\/arquitecturadegalicia.eu\/blog\/wp-json\/wp\/v2\/pages\/331"}],"wp:attachment":[{"href":"https:\/\/arquitecturadegalicia.eu\/blog\/wp-json\/wp\/v2\/media?parent=1718"}],"curies":[{"name":"wp","href":"https:\/\/api.w.org\/{rel}","templated":true}]}}