{"id":1722,"date":"2013-01-07T22:52:18","date_gmt":"2013-01-07T21:52:18","guid":{"rendered":"http:\/\/arquitecturadegalicia.eu\/blog\/?page_id=1722"},"modified":"2014-11-08T22:17:16","modified_gmt":"2014-11-08T21:17:16","slug":"premios-xoana-de-vega-2008","status":"publish","type":"page","link":"https:\/\/arquitecturadegalicia.eu\/blog\/premios\/premios-xoana-de-vega-de-arquitectura\/premios-xoana-de-vega-2008\/","title":{"rendered":"Premios Xoana de Vega 2008"},"content":{"rendered":"<p dir=\"ltr\"><strong>Primeiro Premio<\/strong><\/p>\n<ul>\n<li><a href=\"http:\/\/arquitecturadegalicia.eu\/blog\/?p=8208\"><strong>Vivenda unifamiliar en Ramir\u00e1s, Ourense<\/strong><\/a>, por <a href=\"http:\/\/arquitecturadegalicia.eu\/blog\/?tag=quico-jorreto\">Quico Jorreto D\u00edaz<\/a>.<\/li>\n<\/ul>\n<p dir=\"ltr\"><strong style=\"font-size: 13px;\">Acc\u00e9sits<\/strong><\/p>\n<ul>\n<li dir=\"ltr\"><a href=\"http:\/\/arquitecturadegalicia.eu\/blog\/?p=12898\"><strong>Vivenda unifamiliar en Cobas, Ferrol<\/strong><\/a>, por <a href=\"http:\/\/arquitecturadegalicia.eu\/blog\/?tag=salgado-cortizas\">Jorge Salgado Cortizas<\/a>.<\/li>\n<li><a href=\"http:\/\/arquitecturadegalicia.eu\/blog\/?p=8198\"><strong>Vivenda unifamiliar en San Pedro de N\u00f3s, Oleiros<\/strong><\/a>, por <a href=\"http:\/\/arquitecturadegalicia.eu\/blog\/?tag=piervilarino\">Rafael Pier e Cristina Vilari\u00f1o<\/a>.<\/li>\n<\/ul>\n<p>&nbsp;<\/p>\n<p>&nbsp;<\/p>\n<p>&nbsp;<\/p>\n<p>&nbsp;<\/p>\n<h3><a href=\"http:\/\/www.escolagalegadapaisaxe.org\/ga\/mactividades\/premios\/arquitectura\/?f=2008\">Acta final del jurado<\/a><\/h3>\n<p>\u00abEl 23 de julio de 2008, as 20.30 horas, se re\u00fane el jurado en Panx\u00f3n (Nigr\u00e1n), compuesto por las siguientes personas:<\/p>\n<table border=\"0\" width=\"75%\" cellspacing=\"0\" cellpadding=\"3\" align=\"center\">\n<tbody>\n<tr>\n<td valign=\"top\"><strong>Presidente en funciones<\/strong><\/td>\n<td>Alexandre Alves Costa<\/td>\n<\/tr>\n<tr>\n<td valign=\"top\"><strong>Secretario<\/strong><\/td>\n<td>Enrique S\u00e1ez Ponte<\/td>\n<\/tr>\n<tr>\n<td valign=\"top\"><strong>Vocales<\/strong><\/td>\n<td>Manuel Caama\u00f1o Su\u00e1rezCristobal Crespo Gonz\u00e1lez<\/p>\n<p>Manuel de la Iglesia P\u00e9rez<\/td>\n<\/tr>\n<\/tbody>\n<\/table>\n<p>&nbsp;<\/p>\n<p>Excusan su asistencia el Presidente Celestino Garc\u00eda Bra\u00f1a y los vocales Xos\u00e9 Manuel Casabella L\u00f3pez, V\u00edctor Fern\u00e1ndez Freixanes y Marta Rodr\u00edguez Fern\u00e1ndez. Act\u00faa como Presidente en funciones Alexandre Alves Costa.<\/p>\n<p>El jurado visit\u00f3 en dos sesiones cada una de las casas preseleccionanadas en la primera reuni\u00f3n celebrada el d\u00eda dos de julio del presente mes.<\/p>\n<p>El jurado hace constancia de la satisfactoria evoluci\u00f3n del n\u00famero de viviendas que se presentaron al Premio, que fueron 23, la cantidad m\u00e1s alta registrada en las cinco ediciones, as\u00ed como del alto nivel de calidad medio alcanzado.<\/p>\n<p>Revisada la documentaci\u00f3n presentada y el an\u00e1lisis de las visitas efectuadas, el jurado toma por unanimidad los siguientes acuerdos:<\/p>\n<ol>\n<li>Conceder el Premio Juana de Vega de Arquitectura para la mejor vivenda unifamiliar terminada en Galicia en el a\u00f1o 2007 al arquitecto Manuel Jorreto D\u00edaz por su obra en la urbanizaci\u00f3n Pazo de Ramir\u00e1s en Santa Cruz de Rabaldo (Orense). La vivienda combina: a) Un perfecto acoplamiento en la parcela, aprovechando las vistas que ofrece el desnivel y respetando la existencia de unos robles aut\u00f3ctonos en su fachada posterior. b) Un dise\u00f1o de alta calidad, especialmente el del sal\u00f3n \u2013 p\u00e9rgola en la planta superior, la integraci\u00f3n de la peque\u00f1a piscina cubierta en el nivel inferior y el juego de los patios laterales. c) La eficacia de los criterios constructivos y el buen uso de los materiales.<\/li>\n<li>Conceder un accesit a las siguientes obras:\n<ul>\n<li>Vivienda en Cobas (Ferrol), del arquitecto Jorge Salgado Cortizas, por la elegante soluci\u00f3n adoptada en el proyecto, que con sus l\u00edneas sencillas destaca en un poderoso entorno natural.<\/li>\n<li>Vivienda en San Pedro de Nos (Oleiros \u2013 A Coru\u00f1a) de los arquitectos Rafael Pier y Cristina Vilari\u00f1o. Una vivienda bien colocada en la parcela, que se relaciona de manera natural con los elementos vegetales que la rodean, particularmente con una parra que prolonga el interior hacia fuera. Tambi\u00e9n conviene subrayar la comodidad que ofrece a una persona minusvalida, que se encuentra entre sus ocupantes.<\/li>\n<\/ul>\n<\/li>\n<li>Recoger como finalistas destacados a las siguientes obras:\n<ul>\n<li>Casa en la Gra\u00f1a (Ferrol) de los aquitectos Sergio Beceiro Lodeiro y Rosa Vilas Romalde, que representa una afortunada intervenci\u00f3n arquitect\u00f3nica, para combinar la rehabilitaci\u00f3n de un edificio de piedra con una parte de nueva fachada en madera, ajust\u00e1ndose muy bien al entorno de un peque\u00f1o casco hist\u00f3rico.<\/li>\n<li>Un conjunto de dos viviendas adosadas pero diferentes entre s\u00ed, de los arquitectos Nela Prieto M\u00e9ndez y Diego Garc\u00eda \u2013 Mu\u00f1\u00f3z Vaquero en Panx\u00f3n (Nigr\u00e1n \u2013 Vigo). Situada en una zona zona que combina un notable desorden urban\u00edstico junto a obras de indudable valor (El templo votivo de Antonio Palacios y el arco visig\u00f3tico) destaca por la eficaz y cuidada resoluci\u00f3n, tanto de los elementos constructivos como de est\u00e9tica de conjunto, de una propuesta compleja, que mejora sustancialmente el entorno en el que se encuadra.\u00bb<\/li>\n<\/ul>\n<\/li>\n<\/ol>\n","protected":false},"excerpt":{"rendered":"<p>Primeiro Premio Vivenda unifamiliar en Ramir\u00e1s, Ourense, por Quico Jorreto D\u00edaz. Acc\u00e9sits Vivenda unifamiliar en Cobas, Ferrol, por Jorge Salgado Cortizas. Vivenda unifamiliar en San Pedro de N\u00f3s, Oleiros, por Rafael Pier e Cristina Vilari\u00f1o. &nbsp; &nbsp; &nbsp; &nbsp; Acta final del jurado \u00abEl 23 de julio de 2008, as 20.30 horas, se re\u00fane el<a href=\"https:\/\/arquitecturadegalicia.eu\/blog\/premios\/premios-xoana-de-vega-de-arquitectura\/premios-xoana-de-vega-2008\/\" title=\"Read more\" >&#8230;<\/a><\/p>\n","protected":false},"author":2,"featured_media":0,"parent":331,"menu_order":5,"comment_status":"open","ping_status":"open","template":"","meta":{"jetpack_post_was_ever_published":false,"footnotes":""},"class_list":["post-1722","page","type-page","status-publish","hentry","content-print"],"yoast_head":"<!-- This site is optimized with the Yoast SEO plugin v24.1 - https:\/\/yoast.com\/wordpress\/plugins\/seo\/ -->\n<title>Premios Xoana de Vega 2008 | AG<\/title>\n<meta name=\"robots\" content=\"index, follow, max-snippet:-1, max-image-preview:large, max-video-preview:-1\" \/>\n<link rel=\"canonical\" href=\"https:\/\/arquitecturadegalicia.eu\/blog\/premios\/premios-xoana-de-vega-de-arquitectura\/premios-xoana-de-vega-2008\/\" \/>\n<meta property=\"og:locale\" content=\"es_ES\" \/>\n<meta property=\"og:type\" content=\"article\" \/>\n<meta property=\"og:title\" content=\"Premios Xoana de Vega 2008 | AG\" \/>\n<meta property=\"og:description\" content=\"Primeiro Premio Vivenda unifamiliar en Ramir\u00e1s, Ourense, por Quico Jorreto D\u00edaz. Acc\u00e9sits Vivenda unifamiliar en Cobas, Ferrol, por Jorge Salgado Cortizas. Vivenda unifamiliar en San Pedro de N\u00f3s, Oleiros, por Rafael Pier e Cristina Vilari\u00f1o. &nbsp; &nbsp; &nbsp; &nbsp; Acta final del jurado \u00abEl 23 de julio de 2008, as 20.30 horas, se re\u00fane el...\" \/>\n<meta property=\"og:url\" content=\"https:\/\/arquitecturadegalicia.eu\/blog\/premios\/premios-xoana-de-vega-de-arquitectura\/premios-xoana-de-vega-2008\/\" \/>\n<meta property=\"og:site_name\" content=\"AG\" \/>\n<meta property=\"article:publisher\" content=\"https:\/\/www.facebook.com\/ArquitecturadeGalicia\/\" \/>\n<meta property=\"article:modified_time\" content=\"2014-11-08T21:17:16+00:00\" \/>\n<meta name=\"twitter:card\" content=\"summary_large_image\" \/>\n<meta name=\"twitter:site\" content=\"@arquigaliciaeu\" \/>\n<meta name=\"twitter:label1\" content=\"Tiempo de lectura\" \/>\n\t<meta name=\"twitter:data1\" content=\"3 minutos\" \/>\n<script type=\"application\/ld+json\" class=\"yoast-schema-graph\">{\"@context\":\"https:\/\/schema.org\",\"@graph\":[{\"@type\":\"WebPage\",\"@id\":\"https:\/\/arquitecturadegalicia.eu\/blog\/premios\/premios-xoana-de-vega-de-arquitectura\/premios-xoana-de-vega-2008\/\",\"url\":\"https:\/\/arquitecturadegalicia.eu\/blog\/premios\/premios-xoana-de-vega-de-arquitectura\/premios-xoana-de-vega-2008\/\",\"name\":\"Premios Xoana de Vega 2008 | AG\",\"isPartOf\":{\"@id\":\"http:\/\/arquitecturadegalicia.eu\/blog\/#website\"},\"datePublished\":\"2013-01-07T21:52:18+00:00\",\"dateModified\":\"2014-11-08T21:17:16+00:00\",\"breadcrumb\":{\"@id\":\"https:\/\/arquitecturadegalicia.eu\/blog\/premios\/premios-xoana-de-vega-de-arquitectura\/premios-xoana-de-vega-2008\/#breadcrumb\"},\"inLanguage\":\"es\",\"potentialAction\":[{\"@type\":\"ReadAction\",\"target\":[\"https:\/\/arquitecturadegalicia.eu\/blog\/premios\/premios-xoana-de-vega-de-arquitectura\/premios-xoana-de-vega-2008\/\"]}]},{\"@type\":\"BreadcrumbList\",\"@id\":\"https:\/\/arquitecturadegalicia.eu\/blog\/premios\/premios-xoana-de-vega-de-arquitectura\/premios-xoana-de-vega-2008\/#breadcrumb\",\"itemListElement\":[{\"@type\":\"ListItem\",\"position\":1,\"name\":\"Portada\",\"item\":\"http:\/\/arquitecturadegalicia.eu\/blog\/\"},{\"@type\":\"ListItem\",\"position\":2,\"name\":\"Premios\",\"item\":\"http:\/\/arquitecturadegalicia.eu\/blog\/premios\/\"},{\"@type\":\"ListItem\",\"position\":3,\"name\":\"Premios Xoana de Vega de Arquitectura\",\"item\":\"http:\/\/arquitecturadegalicia.eu\/blog\/premios\/premios-xoana-de-vega-de-arquitectura\/\"},{\"@type\":\"ListItem\",\"position\":4,\"name\":\"Premios Xoana de Vega 2008\"}]},{\"@type\":\"WebSite\",\"@id\":\"http:\/\/arquitecturadegalicia.eu\/blog\/#website\",\"url\":\"http:\/\/arquitecturadegalicia.eu\/blog\/\",\"name\":\"AG\",\"description\":\"Arquitectura de Galicia\",\"publisher\":{\"@id\":\"http:\/\/arquitecturadegalicia.eu\/blog\/#organization\"},\"potentialAction\":[{\"@type\":\"SearchAction\",\"target\":{\"@type\":\"EntryPoint\",\"urlTemplate\":\"http:\/\/arquitecturadegalicia.eu\/blog\/?s={search_term_string}\"},\"query-input\":{\"@type\":\"PropertyValueSpecification\",\"valueRequired\":true,\"valueName\":\"search_term_string\"}}],\"inLanguage\":\"es\"},{\"@type\":\"Organization\",\"@id\":\"http:\/\/arquitecturadegalicia.eu\/blog\/#organization\",\"name\":\"Arquitectura de Galicia\",\"url\":\"http:\/\/arquitecturadegalicia.eu\/blog\/\",\"logo\":{\"@type\":\"ImageObject\",\"inLanguage\":\"es\",\"@id\":\"http:\/\/arquitecturadegalicia.eu\/blog\/#\/schema\/logo\/image\/\",\"url\":\"https:\/\/arquitecturadegalicia.eu\/blog\/wp-content\/uploads\/2017\/01\/arquitecturacurrents2.png\",\"contentUrl\":\"https:\/\/arquitecturadegalicia.eu\/blog\/wp-content\/uploads\/2017\/01\/arquitecturacurrents2.png\",\"width\":840,\"height\":640,\"caption\":\"Arquitectura de Galicia\"},\"image\":{\"@id\":\"http:\/\/arquitecturadegalicia.eu\/blog\/#\/schema\/logo\/image\/\"},\"sameAs\":[\"https:\/\/www.facebook.com\/ArquitecturadeGalicia\/\",\"https:\/\/x.com\/arquigaliciaeu\",\"https:\/\/www.instagram.com\/arquigaliciaeu\/\"]}]}<\/script>\n<!-- \/ Yoast SEO plugin. -->","yoast_head_json":{"title":"Premios Xoana de Vega 2008 | AG","robots":{"index":"index","follow":"follow","max-snippet":"max-snippet:-1","max-image-preview":"max-image-preview:large","max-video-preview":"max-video-preview:-1"},"canonical":"https:\/\/arquitecturadegalicia.eu\/blog\/premios\/premios-xoana-de-vega-de-arquitectura\/premios-xoana-de-vega-2008\/","og_locale":"es_ES","og_type":"article","og_title":"Premios Xoana de Vega 2008 | AG","og_description":"Primeiro Premio Vivenda unifamiliar en Ramir\u00e1s, Ourense, por Quico Jorreto D\u00edaz. Acc\u00e9sits Vivenda unifamiliar en Cobas, Ferrol, por Jorge Salgado Cortizas. Vivenda unifamiliar en San Pedro de N\u00f3s, Oleiros, por Rafael Pier e Cristina Vilari\u00f1o. &nbsp; &nbsp; &nbsp; &nbsp; Acta final del jurado \u00abEl 23 de julio de 2008, as 20.30 horas, se re\u00fane el...","og_url":"https:\/\/arquitecturadegalicia.eu\/blog\/premios\/premios-xoana-de-vega-de-arquitectura\/premios-xoana-de-vega-2008\/","og_site_name":"AG","article_publisher":"https:\/\/www.facebook.com\/ArquitecturadeGalicia\/","article_modified_time":"2014-11-08T21:17:16+00:00","twitter_card":"summary_large_image","twitter_site":"@arquigaliciaeu","twitter_misc":{"Tiempo de lectura":"3 minutos"},"schema":{"@context":"https:\/\/schema.org","@graph":[{"@type":"WebPage","@id":"https:\/\/arquitecturadegalicia.eu\/blog\/premios\/premios-xoana-de-vega-de-arquitectura\/premios-xoana-de-vega-2008\/","url":"https:\/\/arquitecturadegalicia.eu\/blog\/premios\/premios-xoana-de-vega-de-arquitectura\/premios-xoana-de-vega-2008\/","name":"Premios Xoana de Vega 2008 | AG","isPartOf":{"@id":"http:\/\/arquitecturadegalicia.eu\/blog\/#website"},"datePublished":"2013-01-07T21:52:18+00:00","dateModified":"2014-11-08T21:17:16+00:00","breadcrumb":{"@id":"https:\/\/arquitecturadegalicia.eu\/blog\/premios\/premios-xoana-de-vega-de-arquitectura\/premios-xoana-de-vega-2008\/#breadcrumb"},"inLanguage":"es","potentialAction":[{"@type":"ReadAction","target":["https:\/\/arquitecturadegalicia.eu\/blog\/premios\/premios-xoana-de-vega-de-arquitectura\/premios-xoana-de-vega-2008\/"]}]},{"@type":"BreadcrumbList","@id":"https:\/\/arquitecturadegalicia.eu\/blog\/premios\/premios-xoana-de-vega-de-arquitectura\/premios-xoana-de-vega-2008\/#breadcrumb","itemListElement":[{"@type":"ListItem","position":1,"name":"Portada","item":"http:\/\/arquitecturadegalicia.eu\/blog\/"},{"@type":"ListItem","position":2,"name":"Premios","item":"http:\/\/arquitecturadegalicia.eu\/blog\/premios\/"},{"@type":"ListItem","position":3,"name":"Premios Xoana de Vega de Arquitectura","item":"http:\/\/arquitecturadegalicia.eu\/blog\/premios\/premios-xoana-de-vega-de-arquitectura\/"},{"@type":"ListItem","position":4,"name":"Premios Xoana de Vega 2008"}]},{"@type":"WebSite","@id":"http:\/\/arquitecturadegalicia.eu\/blog\/#website","url":"http:\/\/arquitecturadegalicia.eu\/blog\/","name":"AG","description":"Arquitectura de Galicia","publisher":{"@id":"http:\/\/arquitecturadegalicia.eu\/blog\/#organization"},"potentialAction":[{"@type":"SearchAction","target":{"@type":"EntryPoint","urlTemplate":"http:\/\/arquitecturadegalicia.eu\/blog\/?s={search_term_string}"},"query-input":{"@type":"PropertyValueSpecification","valueRequired":true,"valueName":"search_term_string"}}],"inLanguage":"es"},{"@type":"Organization","@id":"http:\/\/arquitecturadegalicia.eu\/blog\/#organization","name":"Arquitectura de Galicia","url":"http:\/\/arquitecturadegalicia.eu\/blog\/","logo":{"@type":"ImageObject","inLanguage":"es","@id":"http:\/\/arquitecturadegalicia.eu\/blog\/#\/schema\/logo\/image\/","url":"https:\/\/arquitecturadegalicia.eu\/blog\/wp-content\/uploads\/2017\/01\/arquitecturacurrents2.png","contentUrl":"https:\/\/arquitecturadegalicia.eu\/blog\/wp-content\/uploads\/2017\/01\/arquitecturacurrents2.png","width":840,"height":640,"caption":"Arquitectura de Galicia"},"image":{"@id":"http:\/\/arquitecturadegalicia.eu\/blog\/#\/schema\/logo\/image\/"},"sameAs":["https:\/\/www.facebook.com\/ArquitecturadeGalicia\/","https:\/\/x.com\/arquigaliciaeu","https:\/\/www.instagram.com\/arquigaliciaeu\/"]}]}},"jetpack_shortlink":"https:\/\/wp.me\/P2NHs2-rM","jetpack_sharing_enabled":true,"_links":{"self":[{"href":"https:\/\/arquitecturadegalicia.eu\/blog\/wp-json\/wp\/v2\/pages\/1722","targetHints":{"allow":["GET"]}}],"collection":[{"href":"https:\/\/arquitecturadegalicia.eu\/blog\/wp-json\/wp\/v2\/pages"}],"about":[{"href":"https:\/\/arquitecturadegalicia.eu\/blog\/wp-json\/wp\/v2\/types\/page"}],"author":[{"embeddable":true,"href":"https:\/\/arquitecturadegalicia.eu\/blog\/wp-json\/wp\/v2\/users\/2"}],"replies":[{"embeddable":true,"href":"https:\/\/arquitecturadegalicia.eu\/blog\/wp-json\/wp\/v2\/comments?post=1722"}],"version-history":[{"count":8,"href":"https:\/\/arquitecturadegalicia.eu\/blog\/wp-json\/wp\/v2\/pages\/1722\/revisions"}],"predecessor-version":[{"id":13073,"href":"https:\/\/arquitecturadegalicia.eu\/blog\/wp-json\/wp\/v2\/pages\/1722\/revisions\/13073"}],"up":[{"embeddable":true,"href":"https:\/\/arquitecturadegalicia.eu\/blog\/wp-json\/wp\/v2\/pages\/331"}],"wp:attachment":[{"href":"https:\/\/arquitecturadegalicia.eu\/blog\/wp-json\/wp\/v2\/media?parent=1722"}],"curies":[{"name":"wp","href":"https:\/\/api.w.org\/{rel}","templated":true}]}}