{"id":1932,"date":"2013-01-08T13:13:30","date_gmt":"2013-01-08T12:13:30","guid":{"rendered":"http:\/\/arquitecturadegalicia.eu\/blog\/?page_id=1932"},"modified":"2014-11-10T17:27:08","modified_gmt":"2014-11-10T16:27:08","slug":"viii-premios-coag-1998","status":"publish","type":"page","link":"https:\/\/arquitecturadegalicia.eu\/blog\/premios\/premios-do-coag\/viii-premios-coag-1998\/","title":{"rendered":"VIII Premios COAG 1998"},"content":{"rendered":"<p><strong>Nova planta<\/strong><\/p>\n<p><em>Premio<\/em><\/p>\n<ul>\n<li><a href=\"http:\/\/arquitecturadegalicia.eu\/blog\/?p=1410\"><strong>Auditorio de congresos e exposici\u00f3ns en Pontevedra<\/strong><\/a> _ <a href=\"http:\/\/arquitecturadegalicia.eu\/blog\/?tag=manuel-de-las-casas\">Manuel de las Casas<\/a><\/li>\n<li><a href=\"http:\/\/arquitecturadegalicia.eu\/blog\/?p=3906\"><strong>Centro universitario das ciencias da sa\u00fade na Coru\u00f1a<\/strong><\/a> _ <a href=\"http:\/\/arquitecturadegalicia.eu\/blog\/?tag=manuel-de-las-casas\">Manuel de las Casas<\/a><\/li>\n<\/ul>\n<p><em>Menci\u00f3n<\/em><\/p>\n<ul>\n<li><strong>Centro de sa\u00fade en Monteporreiro, Pontevedra<\/strong> _ <a href=\"http:\/\/arquitecturadegalicia.eu\/blog\/?tag=gabriel-santos-zas\">Gabriel Santos Zas<\/a><\/li>\n<li><a href=\"http:\/\/arquitecturadegalicia.eu\/blog\/?p=6750\"><strong>Piscinas para a Deputaci\u00f3n da Coru\u00f1a<\/strong><\/a> _ <a href=\"http:\/\/arquitecturadegalicia.eu\/blog\/?tag=qrc\">Carlos Quint\u00e1ns Eiras, Antonio Raya de Blas e Crist\u00f3bal Crespo Gonz\u00e1lez<\/a><\/li>\n<\/ul>\n<p>&nbsp;<\/p>\n<p><strong>Rehabilitaci\u00f3n<\/strong><\/p>\n<p><em>Premio<\/em><\/p>\n<ul>\n<li><strong>Intervenci\u00f3n en San Facundo de Ribas de Mi\u00f1o, Lugo<\/strong> _ Alberte Gonz\u00e1lez Rodr\u00edguez e Jorge Salvador Fern\u00e1ndez<\/li>\n<\/ul>\n<p><em>Acc\u00e9sit<\/em><\/p>\n<ul>\n<li><strong>Rehabilitaci\u00f3n e ampliaci\u00f3n de vivenda unifamiliar en Poio, Pontevedra<\/strong> _ Jaime \u00c1lvarez Ponte<\/li>\n<li><strong>Rehabilitaci\u00f3n do edificio Severino G. Besada de Vigo<\/strong> _ Julio Daniel Rodr\u00edguez Rodr\u00edguez<\/li>\n<\/ul>\n<p>&nbsp;<\/p>\n<p><strong>Decoraci\u00f3n e interiorismo<\/strong><\/p>\n<p><em>Premio<\/em><\/p>\n<ul>\n<li><strong>Proxecto e montaxe da exposici\u00f3n Abrir Vigo al mar<\/strong> _ Jes\u00fas Irisarri Castro<\/li>\n<\/ul>\n<p><em>Acc\u00e9sit<\/em><\/p>\n<ul>\n<li><strong>Local comercial para D-Due na r\u00faa Urzaiz de Vigo<\/strong> _\u00a0<a href=\"http:\/\/arquitecturadegalicia.eu\/blog\/?tag=qrc\">Carlos Quint\u00e1ns Eiras, Antonio Raya de Blas e Crist\u00f3bal Crespo Gonz\u00e1lez<\/a><\/li>\n<\/ul>\n","protected":false},"excerpt":{"rendered":"<p>Nova planta Premio Auditorio de congresos e exposici\u00f3ns en Pontevedra _ Manuel de las Casas Centro universitario das ciencias da sa\u00fade na Coru\u00f1a _ Manuel de las Casas Menci\u00f3n Centro de sa\u00fade en Monteporreiro, Pontevedra _ Gabriel Santos Zas Piscinas para a Deputaci\u00f3n da Coru\u00f1a _ Carlos Quint\u00e1ns Eiras, Antonio Raya de Blas e Crist\u00f3bal<a href=\"https:\/\/arquitecturadegalicia.eu\/blog\/premios\/premios-do-coag\/viii-premios-coag-1998\/\" title=\"Read more\" >&#8230;<\/a><\/p>\n","protected":false},"author":2,"featured_media":0,"parent":352,"menu_order":92,"comment_status":"open","ping_status":"open","template":"","meta":{"jetpack_post_was_ever_published":false,"footnotes":""},"class_list":["post-1932","page","type-page","status-publish","hentry","content-print"],"yoast_head":"<!-- This site is optimized with the Yoast SEO plugin v24.1 - https:\/\/yoast.com\/wordpress\/plugins\/seo\/ -->\n<title>VIII Premios COAG 1998 | AG<\/title>\n<meta name=\"robots\" content=\"index, follow, max-snippet:-1, max-image-preview:large, max-video-preview:-1\" \/>\n<link rel=\"canonical\" href=\"https:\/\/arquitecturadegalicia.eu\/blog\/premios\/premios-do-coag\/viii-premios-coag-1998\/\" \/>\n<meta property=\"og:locale\" content=\"es_ES\" \/>\n<meta property=\"og:type\" content=\"article\" \/>\n<meta property=\"og:title\" content=\"VIII Premios COAG 1998 | AG\" \/>\n<meta property=\"og:description\" content=\"Nova planta Premio Auditorio de congresos e exposici\u00f3ns en Pontevedra _ Manuel de las Casas Centro universitario das ciencias da sa\u00fade na Coru\u00f1a _ Manuel de las Casas Menci\u00f3n Centro de sa\u00fade en Monteporreiro, Pontevedra _ Gabriel Santos Zas Piscinas para a Deputaci\u00f3n da Coru\u00f1a _ Carlos Quint\u00e1ns Eiras, Antonio Raya de Blas e Crist\u00f3bal...\" \/>\n<meta property=\"og:url\" content=\"https:\/\/arquitecturadegalicia.eu\/blog\/premios\/premios-do-coag\/viii-premios-coag-1998\/\" \/>\n<meta property=\"og:site_name\" content=\"AG\" \/>\n<meta property=\"article:publisher\" content=\"https:\/\/www.facebook.com\/ArquitecturadeGalicia\/\" \/>\n<meta property=\"article:modified_time\" content=\"2014-11-10T16:27:08+00:00\" \/>\n<meta name=\"twitter:card\" content=\"summary_large_image\" \/>\n<meta name=\"twitter:site\" content=\"@arquigaliciaeu\" \/>\n<meta name=\"twitter:label1\" content=\"Tiempo de lectura\" \/>\n\t<meta name=\"twitter:data1\" content=\"1 minuto\" \/>\n<script type=\"application\/ld+json\" class=\"yoast-schema-graph\">{\"@context\":\"https:\/\/schema.org\",\"@graph\":[{\"@type\":\"WebPage\",\"@id\":\"https:\/\/arquitecturadegalicia.eu\/blog\/premios\/premios-do-coag\/viii-premios-coag-1998\/\",\"url\":\"https:\/\/arquitecturadegalicia.eu\/blog\/premios\/premios-do-coag\/viii-premios-coag-1998\/\",\"name\":\"VIII Premios COAG 1998 | AG\",\"isPartOf\":{\"@id\":\"http:\/\/arquitecturadegalicia.eu\/blog\/#website\"},\"datePublished\":\"2013-01-08T12:13:30+00:00\",\"dateModified\":\"2014-11-10T16:27:08+00:00\",\"breadcrumb\":{\"@id\":\"https:\/\/arquitecturadegalicia.eu\/blog\/premios\/premios-do-coag\/viii-premios-coag-1998\/#breadcrumb\"},\"inLanguage\":\"es\",\"potentialAction\":[{\"@type\":\"ReadAction\",\"target\":[\"https:\/\/arquitecturadegalicia.eu\/blog\/premios\/premios-do-coag\/viii-premios-coag-1998\/\"]}]},{\"@type\":\"BreadcrumbList\",\"@id\":\"https:\/\/arquitecturadegalicia.eu\/blog\/premios\/premios-do-coag\/viii-premios-coag-1998\/#breadcrumb\",\"itemListElement\":[{\"@type\":\"ListItem\",\"position\":1,\"name\":\"Portada\",\"item\":\"http:\/\/arquitecturadegalicia.eu\/blog\/\"},{\"@type\":\"ListItem\",\"position\":2,\"name\":\"Premios\",\"item\":\"http:\/\/arquitecturadegalicia.eu\/blog\/premios\/\"},{\"@type\":\"ListItem\",\"position\":3,\"name\":\"Premios do COAG\",\"item\":\"http:\/\/arquitecturadegalicia.eu\/blog\/premios\/premios-do-coag\/\"},{\"@type\":\"ListItem\",\"position\":4,\"name\":\"VIII Premios COAG 1998\"}]},{\"@type\":\"WebSite\",\"@id\":\"http:\/\/arquitecturadegalicia.eu\/blog\/#website\",\"url\":\"http:\/\/arquitecturadegalicia.eu\/blog\/\",\"name\":\"AG\",\"description\":\"Arquitectura de Galicia\",\"publisher\":{\"@id\":\"http:\/\/arquitecturadegalicia.eu\/blog\/#organization\"},\"potentialAction\":[{\"@type\":\"SearchAction\",\"target\":{\"@type\":\"EntryPoint\",\"urlTemplate\":\"http:\/\/arquitecturadegalicia.eu\/blog\/?s={search_term_string}\"},\"query-input\":{\"@type\":\"PropertyValueSpecification\",\"valueRequired\":true,\"valueName\":\"search_term_string\"}}],\"inLanguage\":\"es\"},{\"@type\":\"Organization\",\"@id\":\"http:\/\/arquitecturadegalicia.eu\/blog\/#organization\",\"name\":\"Arquitectura de Galicia\",\"url\":\"http:\/\/arquitecturadegalicia.eu\/blog\/\",\"logo\":{\"@type\":\"ImageObject\",\"inLanguage\":\"es\",\"@id\":\"http:\/\/arquitecturadegalicia.eu\/blog\/#\/schema\/logo\/image\/\",\"url\":\"https:\/\/arquitecturadegalicia.eu\/blog\/wp-content\/uploads\/2017\/01\/arquitecturacurrents2.png\",\"contentUrl\":\"https:\/\/arquitecturadegalicia.eu\/blog\/wp-content\/uploads\/2017\/01\/arquitecturacurrents2.png\",\"width\":840,\"height\":640,\"caption\":\"Arquitectura de Galicia\"},\"image\":{\"@id\":\"http:\/\/arquitecturadegalicia.eu\/blog\/#\/schema\/logo\/image\/\"},\"sameAs\":[\"https:\/\/www.facebook.com\/ArquitecturadeGalicia\/\",\"https:\/\/x.com\/arquigaliciaeu\",\"https:\/\/www.instagram.com\/arquigaliciaeu\/\"]}]}<\/script>\n<!-- \/ Yoast SEO plugin. -->","yoast_head_json":{"title":"VIII Premios COAG 1998 | AG","robots":{"index":"index","follow":"follow","max-snippet":"max-snippet:-1","max-image-preview":"max-image-preview:large","max-video-preview":"max-video-preview:-1"},"canonical":"https:\/\/arquitecturadegalicia.eu\/blog\/premios\/premios-do-coag\/viii-premios-coag-1998\/","og_locale":"es_ES","og_type":"article","og_title":"VIII Premios COAG 1998 | AG","og_description":"Nova planta Premio Auditorio de congresos e exposici\u00f3ns en Pontevedra _ Manuel de las Casas Centro universitario das ciencias da sa\u00fade na Coru\u00f1a _ Manuel de las Casas Menci\u00f3n Centro de sa\u00fade en Monteporreiro, Pontevedra _ Gabriel Santos Zas Piscinas para a Deputaci\u00f3n da Coru\u00f1a _ Carlos Quint\u00e1ns Eiras, Antonio Raya de Blas e Crist\u00f3bal...","og_url":"https:\/\/arquitecturadegalicia.eu\/blog\/premios\/premios-do-coag\/viii-premios-coag-1998\/","og_site_name":"AG","article_publisher":"https:\/\/www.facebook.com\/ArquitecturadeGalicia\/","article_modified_time":"2014-11-10T16:27:08+00:00","twitter_card":"summary_large_image","twitter_site":"@arquigaliciaeu","twitter_misc":{"Tiempo de lectura":"1 minuto"},"schema":{"@context":"https:\/\/schema.org","@graph":[{"@type":"WebPage","@id":"https:\/\/arquitecturadegalicia.eu\/blog\/premios\/premios-do-coag\/viii-premios-coag-1998\/","url":"https:\/\/arquitecturadegalicia.eu\/blog\/premios\/premios-do-coag\/viii-premios-coag-1998\/","name":"VIII Premios COAG 1998 | AG","isPartOf":{"@id":"http:\/\/arquitecturadegalicia.eu\/blog\/#website"},"datePublished":"2013-01-08T12:13:30+00:00","dateModified":"2014-11-10T16:27:08+00:00","breadcrumb":{"@id":"https:\/\/arquitecturadegalicia.eu\/blog\/premios\/premios-do-coag\/viii-premios-coag-1998\/#breadcrumb"},"inLanguage":"es","potentialAction":[{"@type":"ReadAction","target":["https:\/\/arquitecturadegalicia.eu\/blog\/premios\/premios-do-coag\/viii-premios-coag-1998\/"]}]},{"@type":"BreadcrumbList","@id":"https:\/\/arquitecturadegalicia.eu\/blog\/premios\/premios-do-coag\/viii-premios-coag-1998\/#breadcrumb","itemListElement":[{"@type":"ListItem","position":1,"name":"Portada","item":"http:\/\/arquitecturadegalicia.eu\/blog\/"},{"@type":"ListItem","position":2,"name":"Premios","item":"http:\/\/arquitecturadegalicia.eu\/blog\/premios\/"},{"@type":"ListItem","position":3,"name":"Premios do COAG","item":"http:\/\/arquitecturadegalicia.eu\/blog\/premios\/premios-do-coag\/"},{"@type":"ListItem","position":4,"name":"VIII Premios COAG 1998"}]},{"@type":"WebSite","@id":"http:\/\/arquitecturadegalicia.eu\/blog\/#website","url":"http:\/\/arquitecturadegalicia.eu\/blog\/","name":"AG","description":"Arquitectura de Galicia","publisher":{"@id":"http:\/\/arquitecturadegalicia.eu\/blog\/#organization"},"potentialAction":[{"@type":"SearchAction","target":{"@type":"EntryPoint","urlTemplate":"http:\/\/arquitecturadegalicia.eu\/blog\/?s={search_term_string}"},"query-input":{"@type":"PropertyValueSpecification","valueRequired":true,"valueName":"search_term_string"}}],"inLanguage":"es"},{"@type":"Organization","@id":"http:\/\/arquitecturadegalicia.eu\/blog\/#organization","name":"Arquitectura de Galicia","url":"http:\/\/arquitecturadegalicia.eu\/blog\/","logo":{"@type":"ImageObject","inLanguage":"es","@id":"http:\/\/arquitecturadegalicia.eu\/blog\/#\/schema\/logo\/image\/","url":"https:\/\/arquitecturadegalicia.eu\/blog\/wp-content\/uploads\/2017\/01\/arquitecturacurrents2.png","contentUrl":"https:\/\/arquitecturadegalicia.eu\/blog\/wp-content\/uploads\/2017\/01\/arquitecturacurrents2.png","width":840,"height":640,"caption":"Arquitectura de Galicia"},"image":{"@id":"http:\/\/arquitecturadegalicia.eu\/blog\/#\/schema\/logo\/image\/"},"sameAs":["https:\/\/www.facebook.com\/ArquitecturadeGalicia\/","https:\/\/x.com\/arquigaliciaeu","https:\/\/www.instagram.com\/arquigaliciaeu\/"]}]}},"jetpack_shortlink":"https:\/\/wp.me\/P2NHs2-va","jetpack_sharing_enabled":true,"_links":{"self":[{"href":"https:\/\/arquitecturadegalicia.eu\/blog\/wp-json\/wp\/v2\/pages\/1932","targetHints":{"allow":["GET"]}}],"collection":[{"href":"https:\/\/arquitecturadegalicia.eu\/blog\/wp-json\/wp\/v2\/pages"}],"about":[{"href":"https:\/\/arquitecturadegalicia.eu\/blog\/wp-json\/wp\/v2\/types\/page"}],"author":[{"embeddable":true,"href":"https:\/\/arquitecturadegalicia.eu\/blog\/wp-json\/wp\/v2\/users\/2"}],"replies":[{"embeddable":true,"href":"https:\/\/arquitecturadegalicia.eu\/blog\/wp-json\/wp\/v2\/comments?post=1932"}],"version-history":[{"count":3,"href":"https:\/\/arquitecturadegalicia.eu\/blog\/wp-json\/wp\/v2\/pages\/1932\/revisions"}],"predecessor-version":[{"id":13134,"href":"https:\/\/arquitecturadegalicia.eu\/blog\/wp-json\/wp\/v2\/pages\/1932\/revisions\/13134"}],"up":[{"embeddable":true,"href":"https:\/\/arquitecturadegalicia.eu\/blog\/wp-json\/wp\/v2\/pages\/352"}],"wp:attachment":[{"href":"https:\/\/arquitecturadegalicia.eu\/blog\/wp-json\/wp\/v2\/media?parent=1932"}],"curies":[{"name":"wp","href":"https:\/\/api.w.org\/{rel}","templated":true}]}}